Last updated on 2022-08-15 08:50:10 CEST.
Flavor | Version | Tinstall | Tcheck | Ttotal | Status | Flags |
---|---|---|---|---|---|---|
r-devel-linux-x86_64-debian-clang | 1.7.3 | 4.21 | 44.47 | 48.68 | OK | |
r-devel-linux-x86_64-debian-gcc | 1.7.3 | 3.66 | 32.58 | 36.24 | OK | |
r-devel-linux-x86_64-fedora-clang | 1.7.3 | 68.00 | NOTE | |||
r-devel-linux-x86_64-fedora-gcc | 1.7.3 | 64.24 | OK | |||
r-devel-windows-x86_64 | 1.7.3 | 51.00 | 70.00 | 121.00 | OK | |
r-patched-linux-x86_64 | 1.7.3 | 4.96 | 40.10 | 45.06 | OK | |
r-release-linux-x86_64 | 1.7.3 | 3.47 | 40.47 | 43.94 | OK | |
r-release-macos-arm64 | 1.7.3 | 22.00 | OK | |||
r-release-macos-x86_64 | 1.7.3 | 37.00 | NOTE | |||
r-release-windows-x86_64 | 1.7.3 | 73.00 | 67.00 | 140.00 | OK | |
r-oldrel-macos-arm64 | 1.7.3 | 29.00 | OK | |||
r-oldrel-macos-x86_64 | 1.7.3 | 34.00 | OK | |||
r-oldrel-windows-ix86+x86_64 | 1.7.3 | 9.00 | 61.00 | 70.00 | OK |
Version: 1.7.3
Check: Rd cross-references
Result: NOTE
Undeclared packages ‘tm’, ‘textreadr’ in Rd xrefs
Flavor: r-devel-linux-x86_64-fedora-clang
Version: 1.7.3
Check: Rd cross-references
Result: NOTE
Package unavailable to check Rd xrefs: ‘textreadr’
Flavor: r-release-macos-x86_64