Last updated on 2022-08-15 08:50:10 CEST.
Flavor | Version | Tinstall | Tcheck | Ttotal | Status | Flags |
---|---|---|---|---|---|---|
r-devel-linux-x86_64-debian-clang | 0.15.0 | 17.95 | 197.57 | 215.52 | NOTE | |
r-devel-linux-x86_64-debian-gcc | 0.15.0 | 16.09 | 147.74 | 163.83 | NOTE | |
r-devel-linux-x86_64-fedora-clang | 0.15.0 | 277.80 | NOTE | |||
r-devel-linux-x86_64-fedora-gcc | 0.15.0 | 289.19 | NOTE | |||
r-devel-windows-x86_64 | 0.15.0 | 294.00 | 279.00 | 573.00 | OK | |
r-patched-linux-x86_64 | 0.15.0 | 53.40 | 159.12 | 212.52 | OK | |
r-release-linux-x86_64 | 0.15.0 | 19.21 | 161.13 | 180.34 | OK | |
r-release-macos-arm64 | 0.15.0 | 65.00 | OK | |||
r-release-macos-x86_64 | 0.15.0 | 118.00 | OK | |||
r-release-windows-x86_64 | 0.15.0 | 57.00 | 272.00 | 329.00 | OK | |
r-oldrel-macos-arm64 | 0.15.0 | 68.00 | OK | |||
r-oldrel-macos-x86_64 | 0.15.0 | 86.00 | OK | |||
r-oldrel-windows-ix86+x86_64 | 0.15.0 | 34.00 | 235.00 | 269.00 | OK |
Version: 0.15.0
Check: HTML version of manual
Result: NOTE
Found the following HTML validation problems:
layer_dense_variational.html:27:38: Warning: inserting implicit <p>
layer_dense_variational.html:27:38: Warning: trimming empty <p>
Flavors: r-devel-linux-x86_64-debian-clang, r-devel-linux-x86_64-debian-gcc, r-devel-linux-x86_64-fedora-clang, r-devel-linux-x86_64-fedora-gcc