Last updated on 2022-08-15 08:50:10 CEST.
Flavor | Version | Tinstall | Tcheck | Ttotal | Status | Flags |
---|---|---|---|---|---|---|
r-devel-linux-x86_64-debian-clang | 0.1.1 | 1.48 | 24.39 | 25.87 | NOTE | |
r-devel-linux-x86_64-debian-gcc | 0.1.1 | 1.43 | 19.07 | 20.50 | NOTE | |
r-devel-linux-x86_64-fedora-clang | 0.1.1 | 43.53 | NOTE | |||
r-devel-linux-x86_64-fedora-gcc | 0.1.1 | 41.12 | NOTE | |||
r-devel-windows-x86_64 | 0.1.1 | 10.00 | 54.00 | 64.00 | NOTE | |
r-patched-linux-x86_64 | 0.1.1 | 3.02 | 23.34 | 26.36 | NOTE | |
r-release-linux-x86_64 | 0.1.1 | 2.13 | 23.76 | 25.89 | NOTE | |
r-release-macos-arm64 | 0.1.1 | 16.00 | NOTE | |||
r-release-macos-x86_64 | 0.1.1 | 23.00 | NOTE | |||
r-release-windows-x86_64 | 0.1.1 | 5.00 | 55.00 | 60.00 | NOTE | |
r-oldrel-macos-arm64 | 0.1.1 | 19.00 | NOTE | |||
r-oldrel-macos-x86_64 | 0.1.1 | 25.00 | NOTE | |||
r-oldrel-windows-ix86+x86_64 | 0.1.1 | 5.00 | 34.00 | 39.00 | NOTE |
Version: 0.1.1
Check: LazyData
Result: NOTE
'LazyData' is specified without a 'data' directory
Flavors: r-devel-linux-x86_64-debian-clang, r-devel-linux-x86_64-debian-gcc, r-devel-linux-x86_64-fedora-clang, r-devel-linux-x86_64-fedora-gcc, r-devel-windows-x86_64, r-patched-linux-x86_64, r-release-linux-x86_64, r-release-macos-arm64, r-release-macos-x86_64, r-release-windows-x86_64, r-oldrel-macos-arm64, r-oldrel-macos-x86_64, r-oldrel-windows-ix86+x86_64