Last updated on 2022-08-15 08:50:10 CEST.
Flavor | Version | Tinstall | Tcheck | Ttotal | Status | Flags |
---|---|---|---|---|---|---|
r-devel-linux-x86_64-debian-clang | 0.1.0 | 18.10 | 63.81 | 81.91 | OK | |
r-devel-linux-x86_64-debian-gcc | 0.1.0 | 15.65 | 48.75 | 64.40 | OK | |
r-devel-linux-x86_64-fedora-clang | 0.1.0 | 112.77 | NOTE | |||
r-devel-linux-x86_64-fedora-gcc | 0.1.0 | 108.68 | NOTE | |||
r-devel-windows-x86_64 | 0.1.0 | 22.00 | 83.00 | 105.00 | NOTE | |
r-patched-linux-x86_64 | 0.1.0 | 17.31 | 61.39 | 78.70 | OK | |
r-release-linux-x86_64 | 0.1.0 | 16.61 | 61.92 | 78.53 | OK | |
r-release-macos-arm64 | 0.1.0 | 33.00 | NOTE | |||
r-release-macos-x86_64 | 0.1.0 | 66.00 | NOTE | |||
r-release-windows-x86_64 | 0.1.0 | 25.00 | 89.00 | 114.00 | NOTE | |
r-oldrel-macos-arm64 | 0.1.0 | 34.00 | NOTE | |||
r-oldrel-macos-x86_64 | 0.1.0 | 48.00 | NOTE | |||
r-oldrel-windows-ix86+x86_64 | 0.1.0 | 32.00 | 85.00 | 117.00 | NOTE |
Version: 0.1.0
Check: installed package size
Result: NOTE
installed size is 7.1Mb
sub-directories of 1Mb or more:
R 4.1Mb
data 3.0Mb
Flavors: r-devel-linux-x86_64-fedora-clang, r-devel-windows-x86_64, r-release-macos-arm64, r-release-macos-x86_64, r-release-windows-x86_64, r-oldrel-macos-arm64, r-oldrel-macos-x86_64, r-oldrel-windows-ix86+x86_64
Version: 0.1.0
Check: data for non-ASCII characters
Result: NOTE
Note: found 197527 marked UTF-8 strings
Flavors: r-devel-linux-x86_64-fedora-clang, r-devel-linux-x86_64-fedora-gcc, r-release-macos-arm64, r-release-macos-x86_64, r-oldrel-macos-arm64, r-oldrel-macos-x86_64