Last updated on 2022-08-15 08:50:10 CEST.
Flavor | Version | Tinstall | Tcheck | Ttotal | Status | Flags |
---|---|---|---|---|---|---|
r-devel-linux-x86_64-debian-clang | 1.1.2 | 10.87 | 41.75 | 52.62 | NOTE | |
r-devel-linux-x86_64-debian-gcc | 1.1.2 | 9.03 | 32.00 | 41.03 | NOTE | |
r-devel-linux-x86_64-fedora-clang | 1.1.2 | 74.40 | NOTE | |||
r-devel-linux-x86_64-fedora-gcc | 1.1.2 | 72.37 | NOTE | |||
r-devel-windows-x86_64 | 1.1.2 | 28.00 | 75.00 | 103.00 | WARN | |
r-patched-linux-x86_64 | 1.1.2 | 10.02 | 38.87 | 48.89 | NOTE | |
r-release-linux-x86_64 | 1.1.2 | 10.31 | 39.05 | 49.36 | NOTE | |
r-release-macos-arm64 | 1.1.2 | 25.00 | NOTE | |||
r-release-macos-x86_64 | 1.1.2 | 33.00 | NOTE | |||
r-release-windows-x86_64 | 1.1.2 | 47.00 | 73.00 | 120.00 | WARN | |
r-oldrel-macos-arm64 | 1.1.2 | 28.00 | NOTE | |||
r-oldrel-macos-x86_64 | 1.1.2 | 44.00 | NOTE | |||
r-oldrel-windows-ix86+x86_64 | 1.1.2 | 31.00 | 82.00 | 113.00 | NOTE |
Version: 1.1.2
Check: LazyData
Result: NOTE
'LazyData' is specified without a 'data' directory
Flavors: r-devel-linux-x86_64-debian-clang, r-devel-linux-x86_64-debian-gcc, r-devel-linux-x86_64-fedora-clang, r-devel-linux-x86_64-fedora-gcc, r-devel-windows-x86_64, r-patched-linux-x86_64, r-release-linux-x86_64, r-release-macos-arm64, r-release-macos-x86_64, r-release-windows-x86_64, r-oldrel-macos-arm64, r-oldrel-macos-x86_64, r-oldrel-windows-ix86+x86_64
Version: 1.1.2
Check: whether package can be installed
Result: WARN
Found the following significant warnings:
lmdb/mdb.c:10787:24: warning: ISO C does not support the 'I' printf flag [-Wformat=]
Flavors: r-devel-windows-x86_64, r-release-windows-x86_64