Last updated on 2022-08-15 08:50:10 CEST.
Flavor | Version | Tinstall | Tcheck | Ttotal | Status | Flags |
---|---|---|---|---|---|---|
r-devel-linux-x86_64-debian-clang | 0.2.5 | 22.60 | 68.97 | 91.57 | OK | |
r-devel-linux-x86_64-debian-gcc | 0.2.5 | 16.71 | 52.00 | 68.71 | OK | |
r-devel-linux-x86_64-fedora-clang | 0.2.5 | 123.32 | NOTE | |||
r-devel-linux-x86_64-fedora-gcc | 0.2.5 | 131.76 | OK | |||
r-devel-windows-x86_64 | 0.2.5 | 80.00 | 108.00 | 188.00 | NOTE | |
r-patched-linux-x86_64 | 0.2.5 | 19.65 | 65.21 | 84.86 | OK | |
r-release-linux-x86_64 | 0.2.5 | 20.30 | 66.81 | 87.11 | OK | |
r-release-macos-arm64 | 0.2.5 | 40.00 | NOTE | |||
r-release-macos-x86_64 | 0.2.5 | 55.00 | NOTE | |||
r-release-windows-x86_64 | 0.2.5 | 113.00 | 113.00 | 226.00 | NOTE | |
r-oldrel-macos-arm64 | 0.2.5 | 44.00 | NOTE | |||
r-oldrel-macos-x86_64 | 0.2.5 | 60.00 | NOTE | |||
r-oldrel-windows-ix86+x86_64 | 0.2.5 | 39.00 | 96.00 | 135.00 | NOTE |
Version: 0.2.5
Check: installed package size
Result: NOTE
installed size is 5.4Mb
sub-directories of 1Mb or more:
doc 1.7Mb
htmlwidgets 2.3Mb
Flavors: r-devel-linux-x86_64-fedora-clang, r-devel-windows-x86_64, r-release-macos-arm64, r-release-macos-x86_64, r-release-windows-x86_64, r-oldrel-macos-arm64, r-oldrel-macos-x86_64, r-oldrel-windows-ix86+x86_64