Last updated on 2022-08-15 08:50:10 CEST.
Flavor | Version | Tinstall | Tcheck | Ttotal | Status | Flags |
---|---|---|---|---|---|---|
r-devel-linux-x86_64-debian-clang | 0.1.6 | 29.00 | 117.19 | 146.19 | WARN | |
r-devel-linux-x86_64-debian-gcc | 0.1.6 | 21.62 | 86.94 | 108.56 | OK | |
r-devel-linux-x86_64-fedora-clang | 0.1.6 | 193.95 | WARN | |||
r-devel-linux-x86_64-fedora-gcc | 0.1.6 | 177.58 | OK | |||
r-devel-windows-x86_64 | 0.1.6 | 199.00 | 167.00 | 366.00 | OK | |
r-patched-linux-x86_64 | 0.1.6 | 22.92 | 109.40 | 132.32 | OK | |
r-release-linux-x86_64 | 0.1.6 | 25.76 | 108.99 | 134.75 | OK | |
r-release-macos-arm64 | 0.1.6 | 50.00 | OK | |||
r-release-macos-x86_64 | 0.1.6 | 72.00 | OK | |||
r-release-windows-x86_64 | 0.1.6 | 88.00 | 165.00 | 253.00 | OK | |
r-oldrel-macos-arm64 | 0.1.6 | 56.00 | OK | |||
r-oldrel-macos-x86_64 | 0.1.6 | 119.00 | OK | |||
r-oldrel-windows-ix86+x86_64 | 0.1.6 | 70.00 | 202.00 | 272.00 | OK |
Version: 0.1.6
Check: whether package can be installed
Result: WARN
Found the following significant warnings:
sorted_range_search.cpp:34:7: warning: use of bitwise '|' with boolean operands [-Wbitwise-instead-of-logical]
Flavors: r-devel-linux-x86_64-debian-clang, r-devel-linux-x86_64-fedora-clang