Last updated on 2022-08-15 08:50:10 CEST.
Flavor | Version | Tinstall | Tcheck | Ttotal | Status | Flags |
---|---|---|---|---|---|---|
r-devel-linux-x86_64-debian-clang | 0.2.2 | 2.36 | 39.15 | 41.51 | NOTE | |
r-devel-linux-x86_64-debian-gcc | 0.2.2 | 2.63 | 29.74 | 32.37 | NOTE | |
r-devel-linux-x86_64-fedora-clang | 0.2.2 | 60.60 | NOTE | |||
r-devel-linux-x86_64-fedora-gcc | 0.2.2 | 58.49 | NOTE | |||
r-devel-windows-x86_64 | 0.2.2 | 34.00 | 62.00 | 96.00 | NOTE | |
r-patched-linux-x86_64 | 0.2.2 | 3.17 | 37.05 | 40.22 | NOTE | |
r-release-linux-x86_64 | 0.2.2 | 3.15 | 37.12 | 40.27 | NOTE | |
r-release-macos-arm64 | 0.2.2 | 18.00 | NOTE | |||
r-release-macos-x86_64 | 0.2.2 | 27.00 | NOTE | |||
r-release-windows-x86_64 | 0.2.2 | 23.00 | 64.00 | 87.00 | NOTE | |
r-oldrel-macos-arm64 | 0.2.2 | 22.00 | NOTE | |||
r-oldrel-macos-x86_64 | 0.2.2 | 33.00 | NOTE | |||
r-oldrel-windows-ix86+x86_64 | 0.2.2 | 7.00 | 59.00 | 66.00 | NOTE |
Version: 0.2.2
Check: LazyData
Result: NOTE
'LazyData' is specified without a 'data' directory
Flavors: r-devel-linux-x86_64-debian-clang, r-devel-linux-x86_64-debian-gcc, r-devel-linux-x86_64-fedora-clang, r-devel-linux-x86_64-fedora-gcc, r-devel-windows-x86_64, r-patched-linux-x86_64, r-release-linux-x86_64, r-release-macos-arm64, r-release-macos-x86_64, r-release-windows-x86_64, r-oldrel-macos-arm64, r-oldrel-macos-x86_64, r-oldrel-windows-ix86+x86_64