Last updated on 2022-08-15 08:50:10 CEST.
Flavor | Version | Tinstall | Tcheck | Ttotal | Status | Flags |
---|---|---|---|---|---|---|
r-devel-linux-x86_64-debian-clang | 1.1.0 | 11.65 | 206.66 | 218.31 | NOTE | |
r-devel-linux-x86_64-debian-gcc | 1.1.0 | 9.32 | 107.93 | 117.25 | NOTE | |
r-devel-linux-x86_64-fedora-clang | 1.1.0 | 201.32 | NOTE | |||
r-devel-linux-x86_64-fedora-gcc | 1.1.0 | 209.18 | NOTE | |||
r-devel-windows-x86_64 | 1.1.0 | 37.00 | 186.00 | 223.00 | NOTE | |
r-patched-linux-x86_64 | 1.1.0 | 8.91 | 139.14 | 148.05 | OK | |
r-release-linux-x86_64 | 1.1.0 | 8.34 | 143.56 | 151.90 | OK | |
r-release-macos-arm64 | 1.1.0 | 54.00 | NOTE | |||
r-release-macos-x86_64 | 1.1.0 | 105.00 | NOTE | |||
r-release-windows-x86_64 | 1.1.0 | 36.00 | 181.00 | 217.00 | OK | |
r-oldrel-macos-arm64 | 1.1.0 | 67.00 | NOTE | |||
r-oldrel-macos-x86_64 | 1.1.0 | 73.00 | NOTE | |||
r-oldrel-windows-ix86+x86_64 | 1.1.0 | 30.00 | 192.00 | 222.00 | OK |
Version: 1.1.0
Check: package subdirectories
Result: NOTE
Problems with news in 'NEWS.md':
Cannot extract version info from the following section titles:
Minor changes:
Flavors: r-devel-linux-x86_64-debian-clang, r-devel-linux-x86_64-debian-gcc, r-devel-linux-x86_64-fedora-clang, r-devel-linux-x86_64-fedora-gcc, r-devel-windows-x86_64
Version: 1.1.0
Check: dependencies in R code
Result: NOTE
Namespace in Imports field not imported from: ‘mix’
All declared Imports should be used.
Flavors: r-devel-linux-x86_64-fedora-clang, r-devel-linux-x86_64-fedora-gcc, r-release-macos-arm64, r-release-macos-x86_64, r-oldrel-macos-arm64, r-oldrel-macos-x86_64