Last updated on 2022-08-15 08:50:10 CEST.
Flavor | Version | Tinstall | Tcheck | Ttotal | Status | Flags |
---|---|---|---|---|---|---|
r-devel-linux-x86_64-debian-clang | 0.2.2 | 6.70 | 68.43 | 75.13 | NOTE | |
r-devel-linux-x86_64-debian-gcc | 0.2.2 | 4.95 | 50.13 | 55.08 | NOTE | |
r-devel-linux-x86_64-fedora-clang | 0.2.2 | 99.00 | NOTE | |||
r-devel-linux-x86_64-fedora-gcc | 0.2.2 | 93.14 | NOTE | |||
r-devel-windows-x86_64 | 0.2.2 | 24.00 | 97.00 | 121.00 | NOTE | |
r-patched-linux-x86_64 | 0.2.2 | 4.50 | 61.98 | 66.48 | OK | |
r-release-linux-x86_64 | 0.2.2 | 4.56 | 65.69 | 70.25 | OK | |
r-release-macos-arm64 | 0.2.2 | 30.00 | OK | |||
r-release-macos-x86_64 | 0.2.2 | 54.00 | OK | |||
r-release-windows-x86_64 | 0.2.2 | 16.00 | 106.00 | 122.00 | OK | |
r-oldrel-macos-arm64 | 0.2.2 | 31.00 | OK | |||
r-oldrel-macos-x86_64 | 0.2.2 | 44.00 | OK | |||
r-oldrel-windows-ix86+x86_64 | 0.2.2 | 16.00 | 97.00 | 113.00 | OK |
Version: 0.2.2
Check: package subdirectories
Result: NOTE
Problems with news in 'NEWS.md':
Cannot extract version info from the following section titles:
tidyREDCap (development version)
Flavors: r-devel-linux-x86_64-debian-clang, r-devel-linux-x86_64-debian-gcc, r-devel-linux-x86_64-fedora-clang, r-devel-linux-x86_64-fedora-gcc, r-devel-windows-x86_64