Last updated on 2022-08-15 08:50:10 CEST.
Flavor | Version | Tinstall | Tcheck | Ttotal | Status | Flags |
---|---|---|---|---|---|---|
r-devel-linux-x86_64-debian-clang | 3.0.2 | 11.00 | 364.63 | 375.63 | OK | |
r-devel-linux-x86_64-debian-gcc | 3.0.2 | 8.93 | 273.31 | 282.24 | OK | |
r-devel-linux-x86_64-fedora-clang | 3.0.2 | 446.77 | OK | |||
r-devel-linux-x86_64-fedora-gcc | 3.0.2 | 474.20 | OK | |||
r-devel-windows-x86_64 | 3.0.2 | 101.00 | 436.00 | 537.00 | OK | |
r-patched-linux-x86_64 | 3.0.2 | 12.62 | 337.60 | 350.22 | OK | |
r-release-linux-x86_64 | 3.0.2 | 10.70 | 348.30 | 359.00 | OK | |
r-release-macos-arm64 | 3.0.2 | 116.00 | OK | |||
r-release-macos-x86_64 | 3.0.2 | 225.00 | NOTE | |||
r-release-windows-x86_64 | 3.0.2 | 215.00 | 434.00 | 649.00 | OK | |
r-oldrel-macos-arm64 | 3.0.2 | 130.00 | OK | |||
r-oldrel-macos-x86_64 | 3.0.2 | 177.00 | OK | |||
r-oldrel-windows-ix86+x86_64 | 3.0.2 | 26.00 | 431.00 | 457.00 | OK |
Version: 3.0.2
Check: package dependencies
Result: NOTE
Packages suggested but not available for checking:
'runjags', 'rjags', 'jagsUI'
Flavor: r-release-macos-x86_64
Version: 3.0.2
Check: Rd cross-references
Result: NOTE
Packages unavailable to check Rd xrefs: ‘runjags’, ‘rjags’, ‘jagsUI’
Flavor: r-release-macos-x86_64