Last updated on 2022-08-15 08:50:10 CEST.
Flavor | Version | Tinstall | Tcheck | Ttotal | Status | Flags |
---|---|---|---|---|---|---|
r-devel-linux-x86_64-debian-clang | 0.1.2 | 2.53 | 43.47 | 46.00 | OK | |
r-devel-linux-x86_64-debian-gcc | 0.1.2 | 1.47 | 32.46 | 33.93 | OK | |
r-devel-linux-x86_64-fedora-clang | 0.1.2 | 64.85 | NOTE | |||
r-devel-linux-x86_64-fedora-gcc | 0.1.2 | 62.05 | NOTE | |||
r-devel-windows-x86_64 | 0.1.2 | 6.00 | 70.00 | 76.00 | OK | |
r-patched-linux-x86_64 | 0.1.2 | 2.45 | 40.02 | 42.47 | OK | |
r-release-linux-x86_64 | 0.1.2 | 2.03 | 41.08 | 43.11 | OK | |
r-release-macos-arm64 | 0.1.2 | 24.00 | NOTE | |||
r-release-macos-x86_64 | 0.1.2 | 43.00 | NOTE | |||
r-release-windows-x86_64 | 0.1.2 | 8.00 | 73.00 | 81.00 | OK | |
r-oldrel-macos-arm64 | 0.1.2 | 38.00 | NOTE | |||
r-oldrel-macos-x86_64 | 0.1.2 | 33.00 | NOTE | |||
r-oldrel-windows-ix86+x86_64 | 0.1.2 | 9.00 | 63.00 | 72.00 | OK |
Version: 0.1.2
Check: dependencies in R code
Result: NOTE
Namespace in Imports field not imported from: ‘tidyr’
All declared Imports should be used.
Flavors: r-devel-linux-x86_64-fedora-clang, r-devel-linux-x86_64-fedora-gcc, r-release-macos-arm64, r-release-macos-x86_64, r-oldrel-macos-arm64, r-oldrel-macos-x86_64