Last updated on 2022-08-15 08:50:10 CEST.
Flavor | Version | Tinstall | Tcheck | Ttotal | Status | Flags |
---|---|---|---|---|---|---|
r-devel-linux-x86_64-debian-clang | 0.1.1 | 3.21 | 42.23 | 45.44 | NOTE | |
r-devel-linux-x86_64-debian-gcc | 0.1.1 | 2.88 | 31.56 | 34.44 | NOTE | |
r-devel-linux-x86_64-fedora-clang | 0.1.1 | 66.90 | NOTE | |||
r-devel-linux-x86_64-fedora-gcc | 0.1.1 | 62.72 | NOTE | |||
r-devel-windows-x86_64 | 0.1.1 | 15.00 | 76.00 | 91.00 | NOTE | |
r-patched-linux-x86_64 | 0.1.1 | 2.55 | 40.05 | 42.60 | NOTE | |
r-release-linux-x86_64 | 0.1.1 | 2.48 | 40.86 | 43.34 | NOTE | |
r-release-macos-arm64 | 0.1.1 | 19.00 | NOTE | |||
r-release-macos-x86_64 | 0.1.1 | 37.00 | NOTE | |||
r-release-windows-x86_64 | 0.1.1 | 13.00 | 73.00 | 86.00 | NOTE | |
r-oldrel-macos-arm64 | 0.1.1 | 25.00 | NOTE | |||
r-oldrel-macos-x86_64 | 0.1.1 | 38.00 | NOTE | |||
r-oldrel-windows-ix86+x86_64 | 0.1.1 | 9.00 | 68.00 | 77.00 | NOTE |
Version: 0.1.1
Check: LazyData
Result: NOTE
'LazyData' is specified without a 'data' directory
Flavors: r-devel-linux-x86_64-debian-clang, r-devel-linux-x86_64-debian-gcc, r-devel-linux-x86_64-fedora-clang, r-devel-linux-x86_64-fedora-gcc, r-devel-windows-x86_64, r-patched-linux-x86_64, r-release-linux-x86_64, r-release-macos-arm64, r-release-macos-x86_64, r-release-windows-x86_64, r-oldrel-macos-arm64, r-oldrel-macos-x86_64, r-oldrel-windows-ix86+x86_64