Last updated on 2022-08-15 08:50:10 CEST.
Flavor | Version | Tinstall | Tcheck | Ttotal | Status | Flags |
---|---|---|---|---|---|---|
r-devel-linux-x86_64-debian-clang | 0.0.2 | 53.53 | 124.62 | 178.15 | OK | |
r-devel-linux-x86_64-debian-gcc | 0.0.2 | 43.11 | 91.70 | 134.81 | OK | |
r-devel-linux-x86_64-fedora-clang | 0.0.2 | 236.74 | NOTE | |||
r-devel-linux-x86_64-fedora-gcc | 0.0.2 | 234.90 | OK | |||
r-devel-windows-x86_64 | 0.0.2 | 57.00 | 163.00 | 220.00 | OK | |
r-patched-linux-x86_64 | 0.0.2 | 37.27 | 116.77 | 154.04 | OK | |
r-release-linux-x86_64 | 0.0.2 | 38.54 | 114.91 | 153.45 | OK | |
r-release-macos-arm64 | 0.0.2 | 58.00 | OK | |||
r-release-macos-x86_64 | 0.0.2 | 100.00 | OK | |||
r-release-windows-x86_64 | 0.0.2 | 49.00 | 167.00 | 216.00 | OK | |
r-oldrel-macos-arm64 | 0.0.2 | 55.00 | OK | |||
r-oldrel-macos-x86_64 | 0.0.2 | 79.00 | OK | |||
r-oldrel-windows-ix86+x86_64 | 0.0.2 | 117.00 | 208.00 | 325.00 | OK |
Version: 0.0.2
Check: Rd cross-references
Result: NOTE
Undeclared package ‘slam’ in Rd xrefs
Flavor: r-devel-linux-x86_64-fedora-clang