Last updated on 2022-08-15 08:50:10 CEST.
Flavor | Version | Tinstall | Tcheck | Ttotal | Status | Flags |
---|---|---|---|---|---|---|
r-devel-linux-x86_64-debian-clang | 0.2.4 | 6.21 | 87.90 | 94.11 | NOTE | |
r-devel-linux-x86_64-debian-gcc | 0.2.4 | 5.29 | 63.79 | 69.08 | NOTE | |
r-devel-linux-x86_64-fedora-clang | 0.2.4 | 120.09 | NOTE | |||
r-devel-linux-x86_64-fedora-gcc | 0.2.4 | 127.49 | NOTE | |||
r-devel-windows-x86_64 | 0.2.4 | 26.00 | 111.00 | 137.00 | NOTE | |
r-patched-linux-x86_64 | 0.2.4 | 4.09 | 80.42 | 84.51 | NOTE | |
r-release-linux-x86_64 | 0.2.4 | 4.49 | 80.42 | 84.91 | NOTE | |
r-release-macos-arm64 | 0.2.4 | 31.00 | NOTE | |||
r-release-macos-x86_64 | 0.2.4 | 59.00 | NOTE | |||
r-release-windows-x86_64 | 0.2.4 | 17.00 | 116.00 | 133.00 | NOTE | |
r-oldrel-macos-arm64 | 0.2.4 | 37.00 | NOTE | |||
r-oldrel-macos-x86_64 | 0.2.4 | 61.00 | NOTE | |||
r-oldrel-windows-ix86+x86_64 | 0.2.4 | 15.00 | 109.00 | 124.00 | NOTE |
Version: 0.2.4
Check: LazyData
Result: NOTE
'LazyData' is specified without a 'data' directory
Flavors: r-devel-linux-x86_64-debian-clang, r-devel-linux-x86_64-debian-gcc, r-devel-linux-x86_64-fedora-clang, r-devel-linux-x86_64-fedora-gcc, r-devel-windows-x86_64, r-patched-linux-x86_64, r-release-linux-x86_64, r-release-macos-arm64, r-release-macos-x86_64, r-release-windows-x86_64, r-oldrel-macos-arm64, r-oldrel-macos-x86_64, r-oldrel-windows-ix86+x86_64