Last updated on 2022-08-15 08:50:10 CEST.
Flavor | Version | Tinstall | Tcheck | Ttotal | Status | Flags |
---|---|---|---|---|---|---|
r-devel-linux-x86_64-debian-clang | 0.1.5 | 6.86 | 86.80 | 93.66 | NOTE | |
r-devel-linux-x86_64-debian-gcc | 0.1.5 | 5.71 | 67.88 | 73.59 | NOTE | |
r-devel-linux-x86_64-fedora-clang | 0.1.5 | 124.75 | NOTE | |||
r-devel-linux-x86_64-fedora-gcc | 0.1.5 | 132.78 | NOTE | |||
r-devel-windows-x86_64 | 0.1.5 | 23.00 | 120.00 | 143.00 | NOTE | |
r-patched-linux-x86_64 | 0.1.5 | 6.04 | 85.23 | 91.27 | NOTE | |
r-release-linux-x86_64 | 0.1.5 | 6.08 | 84.58 | 90.66 | NOTE | |
r-release-macos-arm64 | 0.1.5 | 35.00 | NOTE | |||
r-release-macos-x86_64 | 0.1.5 | 52.00 | NOTE | |||
r-release-windows-x86_64 | 0.1.5 | 27.00 | 124.00 | 151.00 | NOTE | |
r-oldrel-macos-arm64 | 0.1.5 | 46.00 | NOTE | |||
r-oldrel-macos-x86_64 | 0.1.5 | 65.00 | NOTE | |||
r-oldrel-windows-ix86+x86_64 | 0.1.5 | 14.00 | 117.00 | 131.00 | NOTE |
Version: 0.1.5
Check: LazyData
Result: NOTE
'LazyData' is specified without a 'data' directory
Flavors: r-devel-linux-x86_64-debian-clang, r-devel-linux-x86_64-debian-gcc, r-devel-linux-x86_64-fedora-clang, r-devel-linux-x86_64-fedora-gcc, r-devel-windows-x86_64, r-patched-linux-x86_64, r-release-linux-x86_64, r-release-macos-arm64, r-release-macos-x86_64, r-release-windows-x86_64, r-oldrel-macos-arm64, r-oldrel-macos-x86_64, r-oldrel-windows-ix86+x86_64