Last updated on 2022-08-15 08:50:10 CEST.
Flavor | Version | Tinstall | Tcheck | Ttotal | Status | Flags |
---|---|---|---|---|---|---|
r-devel-linux-x86_64-debian-clang | 0.1.0 | 5.26 | 85.02 | 90.28 | NOTE | |
r-devel-linux-x86_64-debian-gcc | 0.1.0 | 4.25 | 63.99 | 68.24 | NOTE | |
r-devel-linux-x86_64-fedora-clang | 0.1.0 | 116.15 | NOTE | |||
r-devel-linux-x86_64-fedora-gcc | 0.1.0 | 122.84 | NOTE | |||
r-devel-windows-x86_64 | 0.1.0 | 28.00 | 104.00 | 132.00 | OK | |
r-patched-linux-x86_64 | 0.1.0 | 3.90 | 80.21 | 84.11 | OK | |
r-release-linux-x86_64 | 0.1.0 | 3.84 | 78.48 | 82.32 | OK | |
r-release-macos-arm64 | 0.1.0 | 28.00 | OK | |||
r-release-macos-x86_64 | 0.1.0 | 54.00 | OK | |||
r-release-windows-x86_64 | 0.1.0 | 19.00 | 110.00 | 129.00 | OK | |
r-oldrel-macos-arm64 | 0.1.0 | 32.00 | OK | |||
r-oldrel-macos-x86_64 | 0.1.0 | 53.00 | OK | |||
r-oldrel-windows-ix86+x86_64 | 0.1.0 | 12.00 | 109.00 | 121.00 | OK |
Version: 0.1.0
Check: HTML version of manual
Result: NOTE
Found the following HTML validation problems:
generate_control.html:87:1: Warning: trimming empty <li>
generate_control.html:86:1: Warning: trimming empty <ol>
generate_weights.html:220:1: Warning: trimming empty <li>
generate_weights.html:219:1: Warning: trimming empty <ol>
Flavors: r-devel-linux-x86_64-debian-clang, r-devel-linux-x86_64-debian-gcc, r-devel-linux-x86_64-fedora-clang, r-devel-linux-x86_64-fedora-gcc