Last updated on 2022-08-15 08:50:10 CEST.
Flavor | Version | Tinstall | Tcheck | Ttotal | Status | Flags |
---|---|---|---|---|---|---|
r-devel-linux-x86_64-debian-clang | 1.3.1 | 11.79 | 225.01 | 236.80 | OK | |
r-devel-linux-x86_64-debian-gcc | 1.3.1 | 9.84 | 161.67 | 171.51 | OK | |
r-devel-linux-x86_64-fedora-clang | 1.3.1 | 269.84 | NOTE | |||
r-devel-linux-x86_64-fedora-gcc | 1.3.1 | 270.72 | NOTE | |||
r-devel-windows-x86_64 | 1.3.1 | 66.00 | 264.00 | 330.00 | NOTE | |
r-patched-linux-x86_64 | 1.3.1 | 11.98 | 191.14 | 203.12 | OK | |
r-release-linux-x86_64 | 1.3.1 | 10.78 | 195.46 | 206.24 | OK | |
r-release-macos-arm64 | 1.3.1 | 97.00 | NOTE | |||
r-release-macos-x86_64 | 1.3.1 | 119.00 | NOTE | |||
r-release-windows-x86_64 | 1.3.1 | 78.00 | 275.00 | 353.00 | NOTE | |
r-oldrel-macos-arm64 | 1.3.1 | 104.00 | NOTE | |||
r-oldrel-macos-x86_64 | 1.3.1 | 120.00 | NOTE | |||
r-oldrel-windows-ix86+x86_64 | 1.3.1 | 25.00 | 257.00 | 282.00 | NOTE |
Version: 1.3.1
Check: installed package size
Result: NOTE
installed size is 6.3Mb
sub-directories of 1Mb or more:
doc 1.3Mb
extdata 4.5Mb
Flavors: r-devel-linux-x86_64-fedora-clang, r-devel-windows-x86_64, r-release-macos-arm64, r-release-macos-x86_64, r-release-windows-x86_64, r-oldrel-macos-arm64, r-oldrel-macos-x86_64, r-oldrel-windows-ix86+x86_64
Version: 1.3.1
Check: data for non-ASCII characters
Result: NOTE
Note: found 61 marked UTF-8 strings
Flavors: r-devel-linux-x86_64-fedora-clang, r-devel-linux-x86_64-fedora-gcc, r-release-macos-arm64, r-release-macos-x86_64, r-oldrel-macos-arm64, r-oldrel-macos-x86_64