Last updated on 2022-08-15 08:50:10 CEST.
Flavor | Version | Tinstall | Tcheck | Ttotal | Status | Flags |
---|---|---|---|---|---|---|
r-devel-linux-x86_64-debian-clang | 0.2.2 | 10.90 | 119.75 | 130.65 | OK | |
r-devel-linux-x86_64-debian-gcc | 0.2.2 | 8.51 | 86.70 | 95.21 | OK | |
r-devel-linux-x86_64-fedora-clang | 0.2.2 | 169.02 | OK | |||
r-devel-linux-x86_64-fedora-gcc | 0.2.2 | 168.48 | OK | |||
r-devel-windows-x86_64 | 0.2.2 | 79.00 | 214.00 | 293.00 | OK | |
r-patched-linux-x86_64 | 0.2.2 | 8.34 | 111.26 | 119.60 | OK | |
r-release-linux-x86_64 | 0.2.2 | 7.68 | 111.93 | 119.61 | OK | |
r-release-macos-arm64 | 0.2.2 | 45.00 | OK | |||
r-release-macos-x86_64 | 0.2.2 | 252.00 | NOTE | |||
r-release-windows-x86_64 | 0.2.2 | 74.00 | 219.00 | 293.00 | OK | |
r-oldrel-macos-arm64 | 0.2.2 | 41.00 | OK | |||
r-oldrel-macos-x86_64 | 0.2.2 | 66.00 | OK | |||
r-oldrel-windows-ix86+x86_64 | 0.2.2 | 26.00 | 196.00 | 222.00 | OK |
Version: 0.2.2
Check: package dependencies
Result: NOTE
Package which this enhances but not available for checking: ‘bartMachine’
Flavor: r-release-macos-x86_64