Last updated on 2022-08-15 08:50:10 CEST.
Flavor | Version | Tinstall | Tcheck | Ttotal | Status | Flags |
---|---|---|---|---|---|---|
r-devel-linux-x86_64-debian-clang | 1.2.0 | 3.39 | 26.00 | 29.39 | NOTE | |
r-devel-linux-x86_64-debian-gcc | 1.2.0 | 2.40 | 20.57 | 22.97 | NOTE | |
r-devel-linux-x86_64-fedora-clang | 1.2.0 | 46.84 | NOTE | |||
r-devel-linux-x86_64-fedora-gcc | 1.2.0 | 48.26 | NOTE | |||
r-devel-windows-x86_64 | 1.2.0 | 11.00 | 62.00 | 73.00 | NOTE | |
r-patched-linux-x86_64 | 1.2.0 | 2.71 | 25.62 | 28.33 | NOTE | |
r-release-linux-x86_64 | 1.2.0 | 2.15 | 25.31 | 27.46 | NOTE | |
r-release-macos-arm64 | 1.2.0 | 23.00 | NOTE | |||
r-release-macos-x86_64 | 1.2.0 | 27.00 | NOTE | |||
r-release-windows-x86_64 | 1.2.0 | 8.00 | 59.00 | 67.00 | NOTE | |
r-oldrel-macos-arm64 | 1.2.0 | 25.00 | NOTE | |||
r-oldrel-macos-x86_64 | 1.2.0 | 32.00 | NOTE | |||
r-oldrel-windows-ix86+x86_64 | 1.2.0 | 6.00 | 52.00 | 58.00 | NOTE |
Version: 1.2.0
Check: package subdirectories
Result: NOTE
Problems with news in 'NEWS.md':
No news entries found.
Flavors: r-devel-linux-x86_64-debian-clang, r-devel-linux-x86_64-debian-gcc, r-devel-linux-x86_64-fedora-clang, r-devel-linux-x86_64-fedora-gcc, r-devel-windows-x86_64
Version: 1.2.0
Check: LazyData
Result: NOTE
'LazyData' is specified without a 'data' directory
Flavors: r-devel-linux-x86_64-debian-clang, r-devel-linux-x86_64-debian-gcc, r-devel-linux-x86_64-fedora-clang, r-devel-linux-x86_64-fedora-gcc, r-devel-windows-x86_64, r-patched-linux-x86_64, r-release-linux-x86_64, r-release-macos-arm64, r-release-macos-x86_64, r-release-windows-x86_64, r-oldrel-macos-arm64, r-oldrel-macos-x86_64, r-oldrel-windows-ix86+x86_64
Version: 1.2.0
Check: dependencies in R code
Result: NOTE
Namespace in Imports field not imported from: ‘lubridate’
All declared Imports should be used.
Flavors: r-devel-linux-x86_64-fedora-clang, r-devel-linux-x86_64-fedora-gcc, r-release-macos-arm64, r-release-macos-x86_64, r-oldrel-macos-arm64, r-oldrel-macos-x86_64