Last updated on 2022-08-15 08:50:10 CEST.
Flavor | Version | Tinstall | Tcheck | Ttotal | Status | Flags |
---|---|---|---|---|---|---|
r-devel-linux-x86_64-debian-clang | 0.4 | 10.94 | 95.41 | 106.35 | NOTE | |
r-devel-linux-x86_64-debian-gcc | 0.4 | 9.95 | 72.88 | 82.83 | NOTE | |
r-devel-linux-x86_64-fedora-clang | 0.4 | 139.90 | NOTE | |||
r-devel-linux-x86_64-fedora-gcc | 0.4 | 145.43 | NOTE | |||
r-devel-windows-x86_64 | 0.4 | 18.00 | 116.00 | 134.00 | NOTE | |
r-patched-linux-x86_64 | 0.4 | 10.34 | 90.91 | 101.25 | OK | |
r-release-linux-x86_64 | 0.4 | 10.33 | 91.09 | 101.42 | OK | |
r-release-macos-arm64 | 0.4 | 37.00 | OK | |||
r-release-macos-x86_64 | 0.4 | 65.00 | OK | |||
r-release-windows-x86_64 | 0.4 | 20.00 | 122.00 | 142.00 | OK | |
r-oldrel-macos-arm64 | 0.4 | 44.00 | OK | |||
r-oldrel-macos-x86_64 | 0.4 | 75.00 | OK | |||
r-oldrel-windows-ix86+x86_64 | 0.4 | 26.00 | 119.00 | 145.00 | OK |
Version: 0.4
Check: Rd files
Result: NOTE
checkRd: (-1) compare.Rd:46: Escaped LaTeX specials: \&
Flavors: r-devel-linux-x86_64-debian-clang, r-devel-linux-x86_64-debian-gcc, r-devel-linux-x86_64-fedora-clang, r-devel-linux-x86_64-fedora-gcc, r-devel-windows-x86_64