Last updated on 2022-08-15 08:50:10 CEST.
Flavor | Version | Tinstall | Tcheck | Ttotal | Status | Flags |
---|---|---|---|---|---|---|
r-devel-linux-x86_64-debian-clang | 2.0.2 | 61.86 | 140.06 | 201.92 | NOTE | |
r-devel-linux-x86_64-debian-gcc | 2.0.2 | 50.76 | 133.27 | 184.03 | NOTE | |
r-devel-linux-x86_64-fedora-clang | 2.0.2 | 283.25 | NOTE | |||
r-devel-linux-x86_64-fedora-gcc | 2.0.2 | 311.34 | NOTE | |||
r-devel-windows-x86_64 | 2.0.2 | 105.00 | 193.00 | 298.00 | OK | |
r-patched-linux-x86_64 | 2.0.2 | 53.84 | 140.15 | 193.99 | OK | |
r-release-linux-x86_64 | 2.0.2 | 53.72 | 168.34 | 222.06 | OK | |
r-release-macos-arm64 | 2.0.2 | 74.00 | OK | |||
r-release-macos-x86_64 | 2.0.2 | 103.00 | OK | |||
r-release-windows-x86_64 | 2.0.2 | 85.00 | 194.00 | 279.00 | OK | |
r-oldrel-macos-arm64 | 2.0.2 | 65.00 | OK | |||
r-oldrel-macos-x86_64 | 2.0.2 | 101.00 | OK | |||
r-oldrel-windows-ix86+x86_64 | 2.0.2 | 134.00 | 265.00 | 399.00 | OK |
Version: 2.0.2
Check: HTML version of manual
Result: NOTE
Found the following HTML validation problems:
dynreg.html:141:33: Warning: trimming empty <code>
Flavors: r-devel-linux-x86_64-debian-clang, r-devel-linux-x86_64-debian-gcc, r-devel-linux-x86_64-fedora-clang, r-devel-linux-x86_64-fedora-gcc