Last updated on 2022-08-15 08:50:11 CEST.
Flavor | Version | Tinstall | Tcheck | Ttotal | Status | Flags |
---|---|---|---|---|---|---|
r-devel-linux-x86_64-debian-clang | 0.1.0 | 2.54 | 27.14 | 29.68 | NOTE | |
r-devel-linux-x86_64-debian-gcc | 0.1.0 | 2.25 | 22.85 | 25.10 | NOTE | |
r-devel-linux-x86_64-fedora-clang | 0.1.0 | 49.58 | NOTE | |||
r-devel-linux-x86_64-fedora-gcc | 0.1.0 | 50.55 | NOTE | |||
r-devel-windows-x86_64 | 0.1.0 | 11.00 | 58.00 | 69.00 | NOTE | |
r-patched-linux-x86_64 | 0.1.0 | 2.36 | 26.75 | 29.11 | NOTE | |
r-release-linux-x86_64 | 0.1.0 | 2.70 | 28.29 | 30.99 | NOTE | |
r-release-macos-arm64 | 0.1.0 | 16.00 | NOTE | |||
r-release-macos-x86_64 | 0.1.0 | 31.00 | NOTE | |||
r-release-windows-x86_64 | 0.1.0 | 13.00 | 57.00 | 70.00 | NOTE | |
r-oldrel-macos-arm64 | 0.1.0 | 19.00 | NOTE | |||
r-oldrel-macos-x86_64 | 0.1.0 | 24.00 | NOTE | |||
r-oldrel-windows-ix86+x86_64 | 0.1.0 | 8.00 | 52.00 | 60.00 | NOTE |
Version: 0.1.0
Check: LazyData
Result: NOTE
'LazyData' is specified without a 'data' directory
Flavors: r-devel-linux-x86_64-debian-clang, r-devel-linux-x86_64-debian-gcc, r-devel-linux-x86_64-fedora-clang, r-devel-linux-x86_64-fedora-gcc, r-devel-windows-x86_64, r-patched-linux-x86_64, r-release-linux-x86_64, r-release-macos-arm64, r-release-macos-x86_64, r-release-windows-x86_64, r-oldrel-macos-arm64, r-oldrel-macos-x86_64, r-oldrel-windows-ix86+x86_64