Last updated on 2022-08-15 08:50:11 CEST.
Flavor | Version | Tinstall | Tcheck | Ttotal | Status | Flags |
---|---|---|---|---|---|---|
r-devel-linux-x86_64-debian-clang | 0.0.1 | 52.82 | 105.02 | 157.84 | OK | |
r-devel-linux-x86_64-debian-gcc | 0.0.1 | 44.62 | 84.46 | 129.08 | OK | |
r-devel-linux-x86_64-fedora-clang | 0.0.1 | 218.13 | OK | |||
r-devel-linux-x86_64-fedora-gcc | 0.0.1 | 235.99 | OK | |||
r-devel-windows-x86_64 | 0.0.1 | 52.00 | 169.00 | 221.00 | OK | |
r-patched-linux-x86_64 | 0.0.1 | 48.63 | 110.88 | 159.51 | OK | |
r-release-linux-x86_64 | 0.0.1 | 53.00 | 111.71 | 164.71 | OK | |
r-release-macos-arm64 | 0.0.1 | 73.00 | NOTE | |||
r-release-macos-x86_64 | 0.0.1 | 96.00 | NOTE | |||
r-release-windows-x86_64 | 0.0.1 | 52.00 | 172.00 | 224.00 | OK | |
r-oldrel-macos-arm64 | 0.0.1 | 64.00 | NOTE | |||
r-oldrel-macos-x86_64 | 0.0.1 | 101.00 | NOTE | |||
r-oldrel-windows-ix86+x86_64 | 0.0.1 | 135.00 | 185.00 | 320.00 | NOTE |
Version: 0.0.1
Check: installed package size
Result: NOTE
installed size is 7.5Mb
sub-directories of 1Mb or more:
doc 2.3Mb
libs 4.7Mb
Flavors: r-release-macos-arm64, r-release-macos-x86_64, r-oldrel-macos-arm64, r-oldrel-macos-x86_64, r-oldrel-windows-ix86+x86_64