Last updated on 2022-08-15 08:50:11 CEST.
Flavor | Version | Tinstall | Tcheck | Ttotal | Status | Flags |
---|---|---|---|---|---|---|
r-devel-linux-x86_64-debian-clang | 1.1.2 | 225.31 | 40.96 | 266.27 | OK | |
r-devel-linux-x86_64-debian-gcc | 1.1.2 | 172.22 | 34.96 | 207.18 | OK | |
r-devel-linux-x86_64-fedora-clang | 1.1.2 | 414.45 | OK | |||
r-devel-linux-x86_64-fedora-gcc | 1.1.2 | 379.34 | OK | |||
r-devel-windows-x86_64 | 1.1.2 | 192.00 | 91.00 | 283.00 | OK | |
r-patched-linux-x86_64 | 1.1.2 | 176.10 | 45.08 | 221.18 | OK | |
r-release-linux-x86_64 | 1.1.2 | 183.69 | 44.75 | 228.44 | OK | |
r-release-macos-arm64 | 1.1.2 | 96.00 | NOTE | |||
r-release-macos-x86_64 | 1.1.2 | 114.00 | NOTE | |||
r-release-windows-x86_64 | 1.1.2 | 171.00 | 91.00 | 262.00 | OK | |
r-oldrel-macos-arm64 | 1.1.1 | 80.00 | NOTE | |||
r-oldrel-macos-x86_64 | 1.1.1 | 108.00 | NOTE |
Version: 1.1.2
Check: installed package size
Result: NOTE
installed size is 10.5Mb
sub-directories of 1Mb or more:
libs 10.3Mb
Flavors: r-release-macos-arm64, r-release-macos-x86_64
Version: 1.1.1
Check: installed package size
Result: NOTE
installed size is 11.4Mb
sub-directories of 1Mb or more:
libs 11.3Mb
Flavors: r-oldrel-macos-arm64, r-oldrel-macos-x86_64