Last updated on 2022-08-15 08:50:11 CEST.
Flavor | Version | Tinstall | Tcheck | Ttotal | Status | Flags |
---|---|---|---|---|---|---|
r-devel-linux-x86_64-debian-clang | 1.0-2 | 2.80 | 20.47 | 23.27 | OK | |
r-devel-linux-x86_64-debian-gcc | 1.0-2 | 2.24 | 16.01 | 18.25 | OK | |
r-devel-linux-x86_64-fedora-clang | 1.0-2 | 39.39 | NOTE | |||
r-devel-linux-x86_64-fedora-gcc | 1.0-2 | 39.86 | NOTE | |||
r-devel-windows-x86_64 | 1.0-2 | 9.00 | 45.00 | 54.00 | OK | |
r-patched-linux-x86_64 | 1.0-2 | 2.79 | 19.89 | 22.68 | OK | |
r-release-linux-x86_64 | 1.0-2 | 2.25 | 19.49 | 21.74 | OK | |
r-release-macos-arm64 | 1.0-2 | 17.00 | OK | |||
r-release-macos-x86_64 | 1.0-2 | 23.00 | OK | |||
r-release-windows-x86_64 | 1.0-2 | 6.00 | 46.00 | 52.00 | OK | |
r-oldrel-macos-arm64 | 1.0-2 | 22.00 | OK | |||
r-oldrel-macos-x86_64 | 1.0-2 | 29.00 | OK | |||
r-oldrel-windows-ix86+x86_64 | 1.0-2 | 8.00 | 33.00 | 41.00 | OK |
Version: 1.0-2
Check: compiled code
Result: NOTE
File ‘tmvnsim/libs/tmvnsim.so’:
Found no calls to: ‘R_registerRoutines’, ‘R_useDynamicSymbols’
It is good practice to register native routines and to disable symbol
search.
See ‘Writing portable packages’ in the ‘Writing R Extensions’ manual.
Flavors: r-devel-linux-x86_64-fedora-clang, r-devel-linux-x86_64-fedora-gcc