Last updated on 2022-08-15 08:50:11 CEST.
Flavor | Version | Tinstall | Tcheck | Ttotal | Status | Flags |
---|---|---|---|---|---|---|
r-devel-linux-x86_64-debian-clang | 0.2.1 | 7.16 | 71.74 | 78.90 | OK | |
r-devel-linux-x86_64-debian-gcc | 0.2.1 | 5.03 | 54.10 | 59.13 | OK | |
r-devel-linux-x86_64-fedora-clang | 0.2.1 | 104.66 | NOTE | |||
r-devel-linux-x86_64-fedora-gcc | 0.2.1 | 104.96 | NOTE | |||
r-devel-windows-x86_64 | 0.2.1 | 48.00 | 120.00 | 168.00 | OK | |
r-patched-linux-x86_64 | 0.2.1 | 6.65 | 65.84 | 72.49 | OK | |
r-release-linux-x86_64 | 0.2.1 | 5.30 | 65.42 | 70.72 | OK | |
r-release-macos-arm64 | 0.2.1 | 30.00 | NOTE | |||
r-release-macos-x86_64 | 0.2.1 | 58.00 | NOTE | |||
r-release-windows-x86_64 | 0.2.1 | 60.00 | 121.00 | 181.00 | OK | |
r-oldrel-macos-arm64 | 0.2.1 | 33.00 | NOTE | |||
r-oldrel-macos-x86_64 | 0.2.1 | 43.00 | NOTE | |||
r-oldrel-windows-ix86+x86_64 | 0.2.1 | 17.00 | 94.00 | 111.00 | OK |
Version: 0.2.1
Check: data for non-ASCII characters
Result: NOTE
Note: found 1 marked UTF-8 string
Flavors: r-devel-linux-x86_64-fedora-clang, r-devel-linux-x86_64-fedora-gcc, r-release-macos-arm64, r-release-macos-x86_64, r-oldrel-macos-arm64, r-oldrel-macos-x86_64