Last updated on 2022-08-15 08:50:11 CEST.
Flavor | Version | Tinstall | Tcheck | Ttotal | Status | Flags |
---|---|---|---|---|---|---|
r-devel-linux-x86_64-debian-clang | 0.1.0 | 119.52 | 30.34 | 149.86 | OK | |
r-devel-linux-x86_64-debian-gcc | 0.1.0 | 95.42 | 23.94 | 119.36 | OK | |
r-devel-linux-x86_64-fedora-clang | 0.1.0 | 224.55 | OK | |||
r-devel-linux-x86_64-fedora-gcc | 0.1.0 | 230.97 | OK | |||
r-devel-windows-x86_64 | 0.1.0 | 106.00 | 81.00 | 187.00 | OK | |
r-patched-linux-x86_64 | 0.1.0 | 102.71 | 29.33 | 132.04 | OK | |
r-release-linux-x86_64 | 0.1.0 | 106.14 | 29.39 | 135.53 | OK | |
r-release-macos-arm64 | 0.1.0 | 52.00 | NOTE | |||
r-release-macos-x86_64 | 0.1.0 | 73.00 | NOTE | |||
r-release-windows-x86_64 | 0.1.0 | 102.00 | 78.00 | 180.00 | OK | |
r-oldrel-macos-arm64 | 0.1.0 | 56.00 | NOTE | |||
r-oldrel-macos-x86_64 | 0.1.0 | 101.00 | NOTE | |||
r-oldrel-windows-ix86+x86_64 | 0.1.0 | 278.00 | 88.00 | 366.00 | OK |
Version: 0.1.0
Check: installed package size
Result: NOTE
installed size is 6.2Mb
sub-directories of 1Mb or more:
libs 5.2Mb
Flavors: r-release-macos-arm64, r-release-macos-x86_64, r-oldrel-macos-arm64, r-oldrel-macos-x86_64