Last updated on 2022-08-15 08:50:11 CEST.
Flavor | Version | Tinstall | Tcheck | Ttotal | Status | Flags |
---|---|---|---|---|---|---|
r-devel-linux-x86_64-debian-clang | 0.2.1 | 28.97 | 44.68 | 73.65 | OK | |
r-devel-linux-x86_64-debian-gcc | 0.2.1 | 24.17 | 34.39 | 58.56 | OK | |
r-devel-linux-x86_64-fedora-clang | 0.2.1 | 109.52 | NOTE | |||
r-devel-linux-x86_64-fedora-gcc | 0.2.1 | 107.07 | NOTE | |||
r-devel-windows-x86_64 | 0.2.1 | 47.00 | 100.00 | 147.00 | OK | |
r-patched-linux-x86_64 | 0.2.1 | 25.16 | 42.17 | 67.33 | OK | |
r-release-linux-x86_64 | 0.2.1 | 22.31 | 42.23 | 64.54 | OK | |
r-release-macos-arm64 | 0.2.1 | 32.00 | NOTE | |||
r-release-macos-x86_64 | 0.2.1 | 46.00 | NOTE | |||
r-release-windows-x86_64 | 0.2.1 | 50.00 | 101.00 | 151.00 | OK | |
r-oldrel-macos-arm64 | 0.2.1 | 37.00 | NOTE | |||
r-oldrel-macos-x86_64 | 0.2.1 | 58.00 | NOTE | |||
r-oldrel-windows-ix86+x86_64 | 0.2.1 | 71.00 | 98.00 | 169.00 | OK |
Version: 0.2.1
Check: data for non-ASCII characters
Result: NOTE
Note: found 1 marked UTF-8 string
Flavors: r-devel-linux-x86_64-fedora-clang, r-devel-linux-x86_64-fedora-gcc, r-release-macos-arm64, r-release-macos-x86_64, r-oldrel-macos-arm64, r-oldrel-macos-x86_64