Last updated on 2022-08-15 08:50:11 CEST.
Flavor | Version | Tinstall | Tcheck | Ttotal | Status | Flags |
---|---|---|---|---|---|---|
r-devel-linux-x86_64-debian-clang | 0.6.6 | 18.41 | 71.03 | 89.44 | OK | |
r-devel-linux-x86_64-debian-gcc | 0.6.6 | 15.33 | 53.97 | 69.30 | OK | |
r-devel-linux-x86_64-fedora-clang | 0.6.6 | 120.40 | NOTE | |||
r-devel-linux-x86_64-fedora-gcc | 0.6.6 | 118.11 | NOTE | |||
r-devel-windows-x86_64 | 0.6.6 | 106.00 | 90.00 | 196.00 | OK | |
r-patched-linux-x86_64 | 0.6.6 | 15.95 | 65.07 | 81.02 | OK | |
r-release-linux-x86_64 | 0.6.6 | 15.59 | 66.08 | 81.67 | OK | |
r-release-macos-arm64 | 0.6.6 | 37.00 | NOTE | |||
r-release-macos-x86_64 | 0.6.6 | 51.00 | NOTE | |||
r-release-windows-x86_64 | 0.6.6 | 94.00 | 96.00 | 190.00 | OK | |
r-oldrel-macos-arm64 | 0.6.6 | 44.00 | NOTE | |||
r-oldrel-macos-x86_64 | 0.6.6 | 49.00 | NOTE | |||
r-oldrel-windows-ix86+x86_64 | 0.6.6 | 30.00 | 86.00 | 116.00 | OK |
Version: 0.6.6
Check: data for non-ASCII characters
Result: NOTE
Note: found 100 marked Latin-1 strings
Note: found 548 marked UTF-8 strings
Flavors: r-devel-linux-x86_64-fedora-clang, r-devel-linux-x86_64-fedora-gcc, r-release-macos-arm64, r-release-macos-x86_64, r-oldrel-macos-arm64, r-oldrel-macos-x86_64
Version: 0.6.6
Check: installed package size
Result: NOTE
installed size is 5.3Mb
sub-directories of 1Mb or more:
data 4.9Mb
Flavors: r-release-macos-arm64, r-oldrel-macos-arm64