Last updated on 2022-08-15 08:50:11 CEST.
Flavor | Version | Tinstall | Tcheck | Ttotal | Status | Flags |
---|---|---|---|---|---|---|
r-devel-linux-x86_64-debian-clang | 1.2.0 | 18.67 | 195.17 | 213.84 | NOTE | |
r-devel-linux-x86_64-debian-gcc | 1.2.0 | 15.70 | 140.82 | 156.52 | NOTE | |
r-devel-linux-x86_64-fedora-clang | 1.2.0 | 260.33 | NOTE | |||
r-devel-linux-x86_64-fedora-gcc | 1.2.0 | 268.11 | NOTE | |||
r-devel-windows-x86_64 | 1.2.0 | 42.00 | 229.00 | 271.00 | NOTE | |
r-patched-linux-x86_64 | 1.2.0 | 18.68 | 181.46 | 200.14 | NOTE | |
r-release-linux-x86_64 | 1.2.0 | 16.00 | 182.60 | 198.60 | NOTE | |
r-release-macos-arm64 | 1.2.0 | 95.00 | NOTE | |||
r-release-macos-x86_64 | 1.2.0 | 165.00 | NOTE | |||
r-release-windows-x86_64 | 1.2.0 | 42.00 | 236.00 | 278.00 | NOTE | |
r-oldrel-macos-arm64 | 1.2.0 | 133.00 | NOTE | |||
r-oldrel-macos-x86_64 | 1.2.0 | 176.00 | NOTE | |||
r-oldrel-windows-ix86+x86_64 | 1.2.0 | 37.00 | 226.00 | 263.00 | NOTE |
Version: 1.2.0
Check: LazyData
Result: NOTE
'LazyData' is specified without a 'data' directory
Flavors: r-devel-linux-x86_64-debian-clang, r-devel-linux-x86_64-debian-gcc, r-devel-linux-x86_64-fedora-clang, r-devel-linux-x86_64-fedora-gcc, r-devel-windows-x86_64, r-patched-linux-x86_64, r-release-linux-x86_64, r-release-macos-arm64, r-release-macos-x86_64, r-release-windows-x86_64, r-oldrel-macos-arm64, r-oldrel-macos-x86_64, r-oldrel-windows-ix86+x86_64