Last updated on 2022-08-15 08:50:11 CEST.
Flavor | Version | Tinstall | Tcheck | Ttotal | Status | Flags |
---|---|---|---|---|---|---|
r-devel-linux-x86_64-debian-clang | 0.0.1 | 2.67 | 29.92 | 32.59 | OK | |
r-devel-linux-x86_64-debian-gcc | 0.0.1 | 2.09 | 23.60 | 25.69 | OK | |
r-devel-linux-x86_64-fedora-clang | 0.0.1 | 51.20 | NOTE | |||
r-devel-linux-x86_64-fedora-gcc | 0.0.1 | 52.56 | NOTE | |||
r-devel-windows-x86_64 | 0.0.1 | 7.00 | 54.00 | 61.00 | OK | |
r-patched-linux-x86_64 | 0.0.1 | 2.43 | 28.86 | 31.29 | OK | |
r-release-linux-x86_64 | 0.0.1 | 2.05 | 29.34 | 31.39 | OK | |
r-release-macos-arm64 | 0.0.1 | 24.00 | NOTE | |||
r-release-macos-x86_64 | 0.0.1 | 32.00 | NOTE | |||
r-release-windows-x86_64 | 0.0.1 | 8.00 | 63.00 | 71.00 | OK | |
r-oldrel-macos-arm64 | 0.0.1 | 24.00 | NOTE | |||
r-oldrel-macos-x86_64 | 0.0.1 | 29.00 | NOTE | |||
r-oldrel-windows-ix86+x86_64 | 0.0.1 | 16.00 | 46.00 | 62.00 | OK |
Version: 0.0.1
Check: dependencies in R code
Result: NOTE
Namespace in Imports field not imported from: ‘knitr’
All declared Imports should be used.
Flavors: r-devel-linux-x86_64-fedora-clang, r-devel-linux-x86_64-fedora-gcc, r-release-macos-arm64, r-release-macos-x86_64, r-oldrel-macos-arm64, r-oldrel-macos-x86_64