Last updated on 2022-08-15 08:50:11 CEST.
Flavor | Version | Tinstall | Tcheck | Ttotal | Status | Flags |
---|---|---|---|---|---|---|
r-devel-linux-x86_64-debian-clang | 0.1.1 | 11.50 | 120.06 | 131.56 | OK | |
r-devel-linux-x86_64-debian-gcc | 0.1.1 | 8.70 | 85.76 | 94.46 | OK | |
r-devel-linux-x86_64-fedora-clang | 0.1.1 | 153.28 | NOTE | |||
r-devel-linux-x86_64-fedora-gcc | 0.1.1 | 155.51 | NOTE | |||
r-devel-windows-x86_64 | 0.1.1 | 28.00 | 127.00 | 155.00 | OK | |
r-patched-linux-x86_64 | 0.1.1 | 21.06 | 106.85 | 127.91 | OK | |
r-release-linux-x86_64 | 0.1.1 | 9.55 | 107.48 | 117.03 | OK | |
r-release-macos-arm64 | 0.1.1 | 47.00 | NOTE | |||
r-release-macos-x86_64 | 0.1.1 | 72.00 | NOTE | |||
r-release-windows-x86_64 | 0.1.1 | 25.00 | 130.00 | 155.00 | OK | |
r-oldrel-macos-arm64 | 0.1.1 | 65.00 | NOTE | |||
r-oldrel-macos-x86_64 | 0.1.1 | 81.00 | NOTE | |||
r-oldrel-windows-ix86+x86_64 | 0.1.1 | 27.00 | 124.00 | 151.00 | OK |
Version: 0.1.1
Check: dependencies in R code
Result: NOTE
Namespaces in Imports field not imported from:
‘ggplot2’ ‘jpeg’ ‘pastecs’ ‘plyr’ ‘raster’
All declared Imports should be used.
Flavors: r-devel-linux-x86_64-fedora-clang, r-devel-linux-x86_64-fedora-gcc, r-release-macos-arm64, r-release-macos-x86_64, r-oldrel-macos-arm64, r-oldrel-macos-x86_64