Last updated on 2022-08-15 08:50:11 CEST.
Flavor | Version | Tinstall | Tcheck | Ttotal | Status | Flags |
---|---|---|---|---|---|---|
r-devel-linux-x86_64-debian-clang | 3.0.2 | 4.97 | 48.05 | 53.02 | OK | |
r-devel-linux-x86_64-debian-gcc | 3.0.2 | 3.18 | 35.66 | 38.84 | OK | |
r-devel-linux-x86_64-fedora-clang | 3.0.2 | 72.84 | NOTE | |||
r-devel-linux-x86_64-fedora-gcc | 3.0.2 | 69.68 | NOTE | |||
r-devel-windows-x86_64 | 3.0.2 | 42.00 | 74.00 | 116.00 | OK | |
r-patched-linux-x86_64 | 3.0.2 | 4.23 | 45.25 | 49.48 | OK | |
r-release-linux-x86_64 | 3.0.2 | 4.60 | 45.75 | 50.35 | OK | |
r-release-macos-arm64 | 3.0.2 | 22.00 | NOTE | |||
r-release-macos-x86_64 | 3.0.2 | 33.00 | NOTE | |||
r-release-windows-x86_64 | 3.0.2 | 113.00 | 78.00 | 191.00 | OK | |
r-oldrel-macos-arm64 | 3.0.2 | 24.00 | NOTE | |||
r-oldrel-macos-x86_64 | 3.0.2 | 34.00 | NOTE | |||
r-oldrel-windows-ix86+x86_64 | 3.0.2 | 10.00 | 63.00 | 73.00 | OK |
Version: 3.0.2
Check: data for non-ASCII characters
Result: NOTE
Note: found 8 marked UTF-8 strings
Flavors: r-devel-linux-x86_64-fedora-clang, r-devel-linux-x86_64-fedora-gcc, r-release-macos-arm64, r-release-macos-x86_64, r-oldrel-macos-arm64, r-oldrel-macos-x86_64