Last updated on 2022-08-15 08:50:11 CEST.
Flavor | Version | Tinstall | Tcheck | Ttotal | Status | Flags |
---|---|---|---|---|---|---|
r-devel-linux-x86_64-debian-clang | 0.6.8 | 14.06 | 122.79 | 136.85 | OK | |
r-devel-linux-x86_64-debian-gcc | 0.6.8 | 9.25 | 90.28 | 99.53 | OK | |
r-devel-linux-x86_64-fedora-clang | 0.6.8 | 172.41 | NOTE | |||
r-devel-linux-x86_64-fedora-gcc | 0.6.8 | 175.13 | NOTE | |||
r-devel-windows-x86_64 | 0.6.8 | 57.00 | 152.00 | 209.00 | OK | |
r-patched-linux-x86_64 | 0.6.8 | 10.86 | 113.59 | 124.45 | OK | |
r-release-linux-x86_64 | 0.6.8 | 10.56 | 114.68 | 125.24 | OK | |
r-release-macos-arm64 | 0.6.8 | 140.00 | NOTE | |||
r-release-macos-x86_64 | 0.6.8 | 152.00 | NOTE | |||
r-release-windows-x86_64 | 0.6.8 | 46.00 | 156.00 | 202.00 | OK | |
r-oldrel-macos-arm64 | 0.6.8 | 128.00 | NOTE | |||
r-oldrel-macos-x86_64 | 0.6.8 | 147.00 | NOTE | |||
r-oldrel-windows-ix86+x86_64 | 0.6.8 | 30.00 | 148.00 | 178.00 | OK |
Version: 0.6.8
Check: data for non-ASCII characters
Result: NOTE
Note: found 2 marked Latin-1 strings
Note: found 701 marked UTF-8 strings
Flavors: r-devel-linux-x86_64-fedora-clang, r-devel-linux-x86_64-fedora-gcc, r-release-macos-arm64, r-release-macos-x86_64, r-oldrel-macos-arm64, r-oldrel-macos-x86_64