Last updated on 2022-08-15 08:50:11 CEST.
Flavor | Version | Tinstall | Tcheck | Ttotal | Status | Flags |
---|---|---|---|---|---|---|
r-devel-linux-x86_64-debian-clang | 0.9.0.5 | 346.51 | 76.84 | 423.35 | OK | |
r-devel-linux-x86_64-debian-gcc | 0.9.0.5 | 243.50 | 57.97 | 301.47 | OK | |
r-devel-linux-x86_64-fedora-clang | 0.9.0.5 | 590.56 | OK | |||
r-devel-linux-x86_64-fedora-gcc | 0.9.0.5 | 536.14 | OK | |||
r-devel-windows-x86_64 | 0.9.0.5 | 194.00 | 121.00 | 315.00 | OK | |
r-patched-linux-x86_64 | 0.9.0.5 | 244.57 | 73.54 | 318.11 | OK | |
r-release-linux-x86_64 | 0.9.0.5 | 244.08 | 72.13 | 316.21 | OK | |
r-release-macos-arm64 | 0.9.0.5 | 104.00 | NOTE | |||
r-release-macos-x86_64 | 0.9.0.5 | 151.00 | NOTE | |||
r-release-windows-x86_64 | 0.9.0.5 | 199.00 | 122.00 | 321.00 | OK | |
r-oldrel-macos-arm64 | 0.9.0.5 | 103.00 | NOTE | |||
r-oldrel-macos-x86_64 | 0.9.0.5 | 148.00 | NOTE | |||
r-oldrel-windows-ix86+x86_64 | 0.9.0.5 | 601.00 | 135.00 | 736.00 | NOTE |
Version: 0.9.0.5
Check: installed package size
Result: NOTE
installed size is 17.8Mb
sub-directories of 1Mb or more:
libs 17.1Mb
Flavors: r-release-macos-arm64, r-release-macos-x86_64, r-oldrel-macos-arm64, r-oldrel-macos-x86_64, r-oldrel-windows-ix86+x86_64