Last updated on 2022-08-15 08:50:11 CEST.
Flavor | Version | Tinstall | Tcheck | Ttotal | Status | Flags |
---|---|---|---|---|---|---|
r-devel-linux-x86_64-debian-clang | 1.4.0 | 4.08 | 276.22 | 280.30 | NOTE | |
r-devel-linux-x86_64-debian-gcc | 1.4.0 | 2.87 | 191.19 | 194.06 | NOTE | |
r-devel-linux-x86_64-fedora-clang | 1.4.0 | 331.50 | NOTE | |||
r-devel-linux-x86_64-fedora-gcc | 1.4.0 | 357.17 | NOTE | |||
r-devel-windows-x86_64 | 1.4.0 | 30.00 | 306.00 | 336.00 | NOTE | |
r-patched-linux-x86_64 | 1.4.0 | 3.99 | 266.04 | 270.03 | NOTE | |
r-release-linux-x86_64 | 1.4.0 | 3.67 | 265.57 | 269.24 | NOTE | |
r-release-macos-arm64 | 1.4.0 | 73.00 | NOTE | |||
r-release-macos-x86_64 | 1.4.0 | 108.00 | NOTE | |||
r-release-windows-x86_64 | 1.4.0 | 71.00 | 312.00 | 383.00 | NOTE | |
r-oldrel-macos-arm64 | 1.4.0 | 80.00 | NOTE | |||
r-oldrel-macos-x86_64 | 1.4.0 | 160.00 | NOTE | |||
r-oldrel-windows-ix86+x86_64 | 1.4.0 | 8.00 | 332.00 | 340.00 | NOTE |
Version: 1.4.0
Check: LazyData
Result: NOTE
'LazyData' is specified without a 'data' directory
Flavors: r-devel-linux-x86_64-debian-clang, r-devel-linux-x86_64-debian-gcc, r-devel-linux-x86_64-fedora-clang, r-devel-linux-x86_64-fedora-gcc, r-devel-windows-x86_64, r-patched-linux-x86_64, r-release-linux-x86_64, r-release-macos-arm64, r-release-macos-x86_64, r-release-windows-x86_64, r-oldrel-macos-arm64, r-oldrel-macos-x86_64, r-oldrel-windows-ix86+x86_64