Last updated on 2022-08-15 08:50:11 CEST.
Flavor | Version | Tinstall | Tcheck | Ttotal | Status | Flags |
---|---|---|---|---|---|---|
r-devel-linux-x86_64-debian-clang | 1.2.2 | 11.96 | 90.86 | 102.82 | NOTE | |
r-devel-linux-x86_64-debian-gcc | 1.2.2 | 10.93 | 69.19 | 80.12 | NOTE | |
r-devel-linux-x86_64-fedora-clang | 1.2.2 | 135.85 | NOTE | |||
r-devel-linux-x86_64-fedora-gcc | 1.2.2 | 141.45 | NOTE | |||
r-devel-windows-x86_64 | 1.2.2 | 32.00 | 111.00 | 143.00 | NOTE | |
r-patched-linux-x86_64 | 1.2.2 | 9.86 | 85.90 | 95.76 | NOTE | |
r-release-linux-x86_64 | 1.2.2 | 11.88 | 89.01 | 100.89 | NOTE | |
r-release-macos-arm64 | 1.2.2 | 37.00 | NOTE | |||
r-release-macos-x86_64 | 1.2.2 | 54.00 | NOTE | |||
r-release-windows-x86_64 | 1.2.2 | 28.00 | 113.00 | 141.00 | NOTE | |
r-oldrel-macos-arm64 | 1.2.2 | 47.00 | NOTE | |||
r-oldrel-macos-x86_64 | 1.2.2 | 74.00 | NOTE | |||
r-oldrel-windows-ix86+x86_64 | 1.2.2 | 28.00 | 150.00 | 178.00 | NOTE |
Version: 1.2.2
Check: LazyData
Result: NOTE
'LazyData' is specified without a 'data' directory
Flavors: r-devel-linux-x86_64-debian-clang, r-devel-linux-x86_64-debian-gcc, r-devel-linux-x86_64-fedora-clang, r-devel-linux-x86_64-fedora-gcc, r-devel-windows-x86_64, r-patched-linux-x86_64, r-release-linux-x86_64, r-release-macos-arm64, r-release-macos-x86_64, r-release-windows-x86_64, r-oldrel-macos-arm64, r-oldrel-macos-x86_64, r-oldrel-windows-ix86+x86_64