Last updated on 2022-08-15 08:50:11 CEST.
Flavor | Version | Tinstall | Tcheck | Ttotal | Status | Flags |
---|---|---|---|---|---|---|
r-devel-linux-x86_64-debian-clang | 0.1.1 | 5.27 | 65.54 | 70.81 | OK | |
r-devel-linux-x86_64-debian-gcc | 0.1.1 | 4.77 | 49.26 | 54.03 | OK | |
r-devel-linux-x86_64-fedora-clang | 0.1.1 | 94.95 | NOTE | |||
r-devel-linux-x86_64-fedora-gcc | 0.1.1 | 96.44 | NOTE | |||
r-devel-windows-x86_64 | 0.1.1 | 37.00 | 91.00 | 128.00 | OK | |
r-patched-linux-x86_64 | 0.1.1 | 5.71 | 60.54 | 66.25 | OK | |
r-release-linux-x86_64 | 0.1.1 | 4.58 | 60.86 | 65.44 | OK | |
r-release-macos-arm64 | 0.1.1 | 30.00 | NOTE | |||
r-release-macos-x86_64 | 0.1.1 | 45.00 | NOTE | |||
r-release-windows-x86_64 | 0.1.1 | 74.00 | 94.00 | 168.00 | OK | |
r-oldrel-macos-arm64 | 0.1.1 | 28.00 | NOTE | |||
r-oldrel-macos-x86_64 | 0.1.1 | 43.00 | NOTE | |||
r-oldrel-windows-ix86+x86_64 | 0.1.1 | 15.00 | 92.00 | 107.00 | OK |
Version: 0.1.1
Check: data for non-ASCII characters
Result: NOTE
Note: found 827 marked UTF-8 strings
Flavors: r-devel-linux-x86_64-fedora-clang, r-devel-linux-x86_64-fedora-gcc, r-release-macos-arm64, r-release-macos-x86_64, r-oldrel-macos-arm64, r-oldrel-macos-x86_64