Last updated on 2022-08-15 08:50:11 CEST.
Flavor | Version | Tinstall | Tcheck | Ttotal | Status | Flags |
---|---|---|---|---|---|---|
r-devel-linux-x86_64-debian-clang | 0.12-2 | 88.87 | 79.05 | 167.92 | OK | |
r-devel-linux-x86_64-debian-gcc | 0.12-4 | 72.50 | 59.00 | 131.50 | OK | |
r-devel-linux-x86_64-fedora-clang | 0.12-4 | 254.61 | OK | |||
r-devel-linux-x86_64-fedora-gcc | 0.12-4 | 236.23 | OK | |||
r-devel-windows-x86_64 | 0.12-2 | 90.00 | 93.00 | 183.00 | OK | |
r-patched-linux-x86_64 | 0.12-4 | 76.56 | 77.52 | 154.08 | OK | |
r-release-linux-x86_64 | 0.12-4 | 83.91 | 76.94 | 160.85 | OK | |
r-release-macos-arm64 | 0.12-4 | 54.00 | NOTE | |||
r-release-macos-x86_64 | 0.12-4 | 77.00 | NOTE | |||
r-release-windows-x86_64 | 0.12-4 | 91.00 | 113.00 | 204.00 | OK | |
r-oldrel-macos-arm64 | 0.12-4 | 52.00 | NOTE | |||
r-oldrel-macos-x86_64 | 0.12-4 | 82.00 | NOTE | |||
r-oldrel-windows-ix86+x86_64 | 0.12-2 | 229.00 | 157.00 | 386.00 | OK |
Version: 0.12-4
Check: installed package size
Result: NOTE
installed size is 6.2Mb
sub-directories of 1Mb or more:
libs 5.6Mb
Flavors: r-release-macos-arm64, r-release-macos-x86_64, r-oldrel-macos-arm64, r-oldrel-macos-x86_64