Last updated on 2022-08-15 08:50:11 CEST.
Flavor | Version | Tinstall | Tcheck | Ttotal | Status | Flags |
---|---|---|---|---|---|---|
r-devel-linux-x86_64-debian-clang | 2.0.6.0 | 121.70 | 192.93 | 314.63 | NOTE | |
r-devel-linux-x86_64-debian-gcc | 2.0.6.0 | 101.70 | 135.84 | 237.54 | NOTE | |
r-devel-linux-x86_64-fedora-clang | 2.0.6.0 | 414.75 | NOTE | |||
r-devel-linux-x86_64-fedora-gcc | 2.0.6.0 | 420.87 | NOTE | |||
r-devel-windows-x86_64 | 2.0.6.0 | 132.00 | 213.00 | 345.00 | NOTE | |
r-patched-linux-x86_64 | 2.0.6.0 | 110.75 | 175.68 | 286.43 | OK | |
r-release-linux-x86_64 | 2.0.6.0 | 105.91 | 178.62 | 284.53 | OK | |
r-release-macos-arm64 | 2.0.6.0 | 96.00 | OK | |||
r-release-macos-x86_64 | 2.0.6.0 | 171.00 | OK | |||
r-release-windows-x86_64 | 2.0.6.0 | 125.00 | 205.00 | 330.00 | OK | |
r-oldrel-macos-arm64 | 2.0.6.0 | 82.00 | OK | |||
r-oldrel-macos-x86_64 | 2.0.6.0 | 114.00 | OK | |||
r-oldrel-windows-ix86+x86_64 | 2.0.6.0 | 309.00 | 321.00 | 630.00 | OK |
Version: 2.0.6.0
Check: Rd files
Result: NOTE
checkRd: (-1) dcc.Rd:227: Escaped LaTeX specials: \&
checkRd: (-1) seascorr.Rd:128: Escaped LaTeX specials: \&
Flavors: r-devel-linux-x86_64-debian-clang, r-devel-linux-x86_64-debian-gcc, r-devel-linux-x86_64-fedora-clang, r-devel-linux-x86_64-fedora-gcc, r-devel-windows-x86_64
Version: 2.0.6.0
Check: Rd cross-references
Result: NOTE
Undeclared package ‘dplR’ in Rd xrefs
Flavor: r-devel-linux-x86_64-fedora-clang