Last updated on 2022-08-15 08:50:11 CEST.
Flavor | Version | Tinstall | Tcheck | Ttotal | Status | Flags |
---|---|---|---|---|---|---|
r-devel-linux-x86_64-debian-clang | 0.6 | 3.74 | 25.99 | 29.73 | NOTE | |
r-devel-linux-x86_64-debian-gcc | 0.6 | 2.51 | 20.74 | 23.25 | NOTE | |
r-devel-linux-x86_64-fedora-clang | 0.6 | 47.14 | NOTE | |||
r-devel-linux-x86_64-fedora-gcc | 0.6 | 47.69 | NOTE | |||
r-devel-windows-x86_64 | 0.6 | 18.00 | 53.00 | 71.00 | NOTE | |
r-patched-linux-x86_64 | 0.6 | 3.48 | 24.89 | 28.37 | NOTE | |
r-release-linux-x86_64 | 0.6 | 2.56 | 25.31 | 27.87 | NOTE | |
r-release-macos-arm64 | 0.6 | 15.00 | NOTE | |||
r-release-macos-x86_64 | 0.6 | 22.00 | NOTE | |||
r-release-windows-x86_64 | 0.6 | 10.00 | 50.00 | 60.00 | NOTE | |
r-oldrel-macos-arm64 | 0.6 | 19.00 | NOTE | |||
r-oldrel-macos-x86_64 | 0.6 | 27.00 | NOTE | |||
r-oldrel-windows-ix86+x86_64 | 0.6 | 8.00 | 30.00 | 38.00 | NOTE |
Version: 0.6
Check: DESCRIPTION meta-information
Result: NOTE
Malformed Title field: should not end in a period.
Flavors: r-devel-linux-x86_64-debian-clang, r-devel-linux-x86_64-debian-gcc, r-devel-linux-x86_64-fedora-clang, r-devel-linux-x86_64-fedora-gcc, r-devel-windows-x86_64, r-patched-linux-x86_64, r-release-linux-x86_64, r-release-macos-arm64, r-release-macos-x86_64, r-release-windows-x86_64, r-oldrel-macos-arm64, r-oldrel-macos-x86_64, r-oldrel-windows-ix86+x86_64