Last updated on 2022-08-15 08:50:11 CEST.
Flavor | Version | Tinstall | Tcheck | Ttotal | Status | Flags |
---|---|---|---|---|---|---|
r-devel-linux-x86_64-debian-clang | 1.1-8 | 3.01 | 42.01 | 45.02 | NOTE | |
r-devel-linux-x86_64-debian-gcc | 1.1-8 | 2.70 | 31.32 | 34.02 | NOTE | |
r-devel-linux-x86_64-fedora-clang | 1.1-8 | 67.10 | NOTE | |||
r-devel-linux-x86_64-fedora-gcc | 1.1-8 | 67.72 | NOTE | |||
r-devel-windows-x86_64 | 1.1-8 | 13.00 | 69.00 | 82.00 | NOTE | |
r-patched-linux-x86_64 | 1.1-8 | 3.25 | 40.03 | 43.28 | NOTE | |
r-release-linux-x86_64 | 1.1-8 | 3.12 | 39.91 | 43.03 | NOTE | |
r-release-macos-arm64 | 1.1-8 | 19.00 | NOTE | |||
r-release-macos-x86_64 | 1.1-8 | 27.00 | NOTE | |||
r-release-windows-x86_64 | 1.1-8 | 11.00 | 72.00 | 83.00 | NOTE | |
r-oldrel-macos-arm64 | 1.1-8 | 23.00 | NOTE | |||
r-oldrel-macos-x86_64 | 1.1-8 | 35.00 | NOTE | |||
r-oldrel-windows-ix86+x86_64 | 1.1-8 | 8.00 | 55.00 | 63.00 | NOTE |
Version: 1.1-8
Check: LazyData
Result: NOTE
'LazyData' is specified without a 'data' directory
Flavors: r-devel-linux-x86_64-debian-clang, r-devel-linux-x86_64-debian-gcc, r-devel-linux-x86_64-fedora-clang, r-devel-linux-x86_64-fedora-gcc, r-devel-windows-x86_64, r-patched-linux-x86_64, r-release-linux-x86_64, r-release-macos-arm64, r-release-macos-x86_64, r-release-windows-x86_64, r-oldrel-macos-arm64, r-oldrel-macos-x86_64, r-oldrel-windows-ix86+x86_64