Last updated on 2022-08-15 08:50:11 CEST.
Flavor | Version | Tinstall | Tcheck | Ttotal | Status | Flags |
---|---|---|---|---|---|---|
r-devel-linux-x86_64-debian-clang | 1.0.4 | 12.58 | 97.82 | 110.40 | OK | |
r-devel-linux-x86_64-debian-gcc | 1.0.4 | 9.49 | 74.70 | 84.19 | OK | |
r-devel-linux-x86_64-fedora-clang | 1.0.4 | 144.35 | NOTE | |||
r-devel-linux-x86_64-fedora-gcc | 1.0.4 | 146.38 | NOTE | |||
r-devel-windows-x86_64 | 1.0.4 | 30.00 | 118.00 | 148.00 | OK | |
r-patched-linux-x86_64 | 1.0.4 | 9.06 | 91.58 | 100.64 | OK | |
r-release-linux-x86_64 | 1.0.4 | 7.56 | 91.85 | 99.41 | OK | |
r-release-macos-arm64 | 1.0.4 | 40.00 | NOTE | |||
r-release-macos-x86_64 | 1.0.4 | 69.00 | NOTE | |||
r-release-windows-x86_64 | 1.0.4 | 19.00 | 125.00 | 144.00 | OK | |
r-oldrel-macos-arm64 | 1.0.4 | 187.00 | NOTE | |||
r-oldrel-macos-x86_64 | 1.0.4 | 51.00 | NOTE | |||
r-oldrel-windows-ix86+x86_64 | 1.0.4 | 26.00 | 111.00 | 137.00 | OK |
Version: 1.0.4
Check: dependencies in R code
Result: NOTE
Namespace in Imports field not imported from: ‘wordcloud2’
All declared Imports should be used.
Flavors: r-devel-linux-x86_64-fedora-clang, r-devel-linux-x86_64-fedora-gcc, r-release-macos-arm64, r-release-macos-x86_64, r-oldrel-macos-arm64, r-oldrel-macos-x86_64