Last updated on 2022-08-15 08:50:11 CEST.
Flavor | Version | Tinstall | Tcheck | Ttotal | Status | Flags |
---|---|---|---|---|---|---|
r-devel-linux-x86_64-debian-clang | 0.1.0 | 13.02 | 88.47 | 101.49 | OK | |
r-devel-linux-x86_64-debian-gcc | 0.1.0 | 10.09 | 64.93 | 75.02 | OK | |
r-devel-linux-x86_64-fedora-clang | 0.1.0 | 126.10 | NOTE | |||
r-devel-linux-x86_64-fedora-gcc | 0.1.0 | 133.91 | NOTE | |||
r-devel-windows-x86_64 | 0.1.0 | 44.00 | 108.00 | 152.00 | OK | |
r-patched-linux-x86_64 | 0.1.0 | 8.51 | 82.31 | 90.82 | OK | |
r-release-linux-x86_64 | 0.1.0 | 8.09 | 81.47 | 89.56 | OK | |
r-release-macos-arm64 | 0.1.0 | 35.00 | NOTE | |||
r-release-macos-x86_64 | 0.1.0 | 59.00 | NOTE | |||
r-release-windows-x86_64 | 0.1.0 | 44.00 | 112.00 | 156.00 | OK | |
r-oldrel-macos-arm64 | 0.1.0 | 38.00 | NOTE | |||
r-oldrel-macos-x86_64 | 0.1.0 | 64.00 | NOTE | |||
r-oldrel-windows-ix86+x86_64 | 0.1.0 | 29.00 | 107.00 | 136.00 | OK |
Version: 0.1.0
Check: dependencies in R code
Result: NOTE
Namespaces in Imports field not imported from:
‘R6’ ‘crosstalk’
All declared Imports should be used.
Flavors: r-devel-linux-x86_64-fedora-clang, r-devel-linux-x86_64-fedora-gcc, r-release-macos-arm64, r-release-macos-x86_64, r-oldrel-macos-arm64, r-oldrel-macos-x86_64