Last updated on 2022-08-15 08:50:11 CEST.
Flavor | Version | Tinstall | Tcheck | Ttotal | Status | Flags |
---|---|---|---|---|---|---|
r-devel-linux-x86_64-debian-clang | 0.4.14 | 56.40 | 120.92 | 177.32 | NOTE | |
r-devel-linux-x86_64-debian-gcc | 0.4.14 | 44.95 | 92.02 | 136.97 | NOTE | |
r-devel-linux-x86_64-fedora-clang | 0.4.14 | 234.17 | NOTE | |||
r-devel-linux-x86_64-fedora-gcc | 0.4.14 | 235.91 | NOTE | |||
r-devel-windows-x86_64 | 0.4.14 | 92.00 | 168.00 | 260.00 | NOTE | |
r-patched-linux-x86_64 | 0.4.14 | 46.99 | 112.46 | 159.45 | NOTE | |
r-release-linux-x86_64 | 0.4.14 | 44.54 | 113.26 | 157.80 | NOTE | |
r-release-macos-arm64 | 0.4.14 | 50.00 | NOTE | |||
r-release-macos-x86_64 | 0.4.14 | 78.00 | NOTE | |||
r-release-windows-x86_64 | 0.4.14 | 81.00 | 164.00 | 245.00 | NOTE | |
r-oldrel-macos-arm64 | 0.4.14 | 67.00 | NOTE | |||
r-oldrel-macos-x86_64 | 0.4.14 | 101.00 | NOTE | |||
r-oldrel-windows-ix86+x86_64 | 0.4.14 | 125.00 | 195.00 | 320.00 | NOTE |
Version: 0.4.14
Check: for GNU extensions in Makefiles
Result: NOTE
GNU make is a SystemRequirements.
Flavors: r-devel-linux-x86_64-debian-clang, r-devel-linux-x86_64-debian-gcc, r-devel-linux-x86_64-fedora-clang, r-devel-linux-x86_64-fedora-gcc, r-devel-windows-x86_64, r-patched-linux-x86_64, r-release-linux-x86_64, r-release-macos-arm64, r-release-macos-x86_64, r-release-windows-x86_64, r-oldrel-macos-arm64, r-oldrel-macos-x86_64, r-oldrel-windows-ix86+x86_64
Version: 0.4.14
Check: installed package size
Result: NOTE
installed size is 6.3Mb
sub-directories of 1Mb or more:
data 4.6Mb
Flavors: r-devel-linux-x86_64-fedora-clang, r-devel-windows-x86_64, r-release-macos-arm64, r-release-macos-x86_64, r-release-windows-x86_64, r-oldrel-macos-arm64, r-oldrel-macos-x86_64, r-oldrel-windows-ix86+x86_64