Last updated on 2022-08-15 08:50:11 CEST.
Flavor | Version | Tinstall | Tcheck | Ttotal | Status | Flags |
---|---|---|---|---|---|---|
r-devel-linux-x86_64-debian-clang | 1.2 | 17.84 | 156.42 | 174.26 | NOTE | |
r-devel-linux-x86_64-debian-gcc | 1.2 | 14.31 | 115.43 | 129.74 | NOTE | |
r-devel-linux-x86_64-fedora-clang | 1.2 | 214.69 | NOTE | |||
r-devel-linux-x86_64-fedora-gcc | 1.2 | 221.49 | NOTE | |||
r-devel-windows-x86_64 | 1.2 | 38.00 | 168.00 | 206.00 | NOTE | |
r-patched-linux-x86_64 | 1.2 | 17.77 | 142.82 | 160.59 | NOTE | |
r-release-linux-x86_64 | 1.2 | 18.36 | 146.59 | 164.95 | NOTE | |
r-release-macos-arm64 | 1.2 | 52.00 | NOTE | |||
r-release-macos-x86_64 | 1.2 | 104.00 | NOTE | |||
r-release-windows-x86_64 | 1.2 | 46.00 | 174.00 | 220.00 | NOTE | |
r-oldrel-macos-arm64 | 1.2 | 71.00 | NOTE | |||
r-oldrel-macos-x86_64 | 1.2 | 83.00 | NOTE | |||
r-oldrel-windows-ix86+x86_64 | 1.2 | 41.00 | 213.00 | 254.00 | NOTE |
Version: 1.2
Check: LazyData
Result: NOTE
'LazyData' is specified without a 'data' directory
Flavors: r-devel-linux-x86_64-debian-clang, r-devel-linux-x86_64-debian-gcc, r-devel-linux-x86_64-fedora-clang, r-devel-linux-x86_64-fedora-gcc, r-devel-windows-x86_64, r-patched-linux-x86_64, r-release-linux-x86_64, r-release-macos-arm64, r-release-macos-x86_64, r-release-windows-x86_64, r-oldrel-macos-arm64, r-oldrel-macos-x86_64, r-oldrel-windows-ix86+x86_64
Version: 1.2
Check: compiled code
Result: NOTE
File ‘tspmeta/libs/tspmeta.so’:
Found no calls to: ‘R_registerRoutines’, ‘R_useDynamicSymbols’
It is good practice to register native routines and to disable symbol
search.
See ‘Writing portable packages’ in the ‘Writing R Extensions’ manual.
Flavors: r-devel-linux-x86_64-fedora-clang, r-devel-linux-x86_64-fedora-gcc