Last updated on 2022-08-15 08:50:11 CEST.
Flavor | Version | Tinstall | Tcheck | Ttotal | Status | Flags |
---|---|---|---|---|---|---|
r-devel-linux-x86_64-debian-clang | 0.3.3 | 8.57 | 39.50 | 48.07 | NOTE | |
r-devel-linux-x86_64-debian-gcc | 0.3.3 | 7.52 | 30.06 | 37.58 | NOTE | |
r-devel-linux-x86_64-fedora-clang | 0.3.3 | 70.44 | NOTE | |||
r-devel-linux-x86_64-fedora-gcc | 0.3.3 | 72.43 | NOTE | |||
r-devel-windows-x86_64 | 0.3.3 | 29.00 | 70.00 | 99.00 | NOTE | |
r-patched-linux-x86_64 | 0.3.3 | 9.51 | 37.52 | 47.03 | OK | |
r-release-linux-x86_64 | 0.3.3 | 8.39 | 38.18 | 46.57 | OK | |
r-release-macos-arm64 | 0.3.3 | 22.00 | OK | |||
r-release-macos-x86_64 | 0.3.3 | 29.00 | OK | |||
r-release-windows-x86_64 | 0.3.3 | 28.00 | 66.00 | 94.00 | OK | |
r-oldrel-macos-arm64 | 0.3.3 | 25.00 | OK | |||
r-oldrel-macos-x86_64 | 0.3.3 | 42.00 | OK | |||
r-oldrel-windows-ix86+x86_64 | 0.3.3 | 22.00 | 75.00 | 97.00 | OK |
Version: 0.3.3
Check: package subdirectories
Result: NOTE
Problems with news in 'NEWS.md':
No news entries found.
Flavors: r-devel-linux-x86_64-debian-clang, r-devel-linux-x86_64-debian-gcc, r-devel-linux-x86_64-fedora-clang, r-devel-linux-x86_64-fedora-gcc, r-devel-windows-x86_64