Last updated on 2022-08-15 08:50:11 CEST.
Flavor | Version | Tinstall | Tcheck | Ttotal | Status | Flags |
---|---|---|---|---|---|---|
r-devel-linux-x86_64-debian-clang | 1.2.1 | 2.76 | 38.61 | 41.37 | NOTE | |
r-devel-linux-x86_64-debian-gcc | 1.2.1 | 1.56 | 29.81 | 31.37 | NOTE | |
r-devel-linux-x86_64-fedora-clang | 1.2.1 | 60.60 | NOTE | |||
r-devel-linux-x86_64-fedora-gcc | 1.2.1 | 61.47 | NOTE | |||
r-devel-windows-x86_64 | 1.2.1 | 17.00 | 66.00 | 83.00 | NOTE | |
r-patched-linux-x86_64 | 1.2.1 | 2.74 | 36.48 | 39.22 | NOTE | |
r-release-linux-x86_64 | 1.2.1 | 2.77 | 36.30 | 39.07 | NOTE | |
r-release-macos-arm64 | 1.2.1 | 20.00 | NOTE | |||
r-release-macos-x86_64 | 1.2.1 | 32.00 | NOTE | |||
r-release-windows-x86_64 | 1.2.1 | 14.00 | 71.00 | 85.00 | NOTE | |
r-oldrel-macos-arm64 | 1.2.1 | 25.00 | NOTE | |||
r-oldrel-macos-x86_64 | 1.2.1 | 35.00 | NOTE | |||
r-oldrel-windows-ix86+x86_64 | 1.2.1 | 8.00 | 56.00 | 64.00 | NOTE |
Version: 1.2.1
Check: DESCRIPTION meta-information
Result: NOTE
Malformed Description field: should contain one or more complete sentences.
Flavors: r-devel-linux-x86_64-debian-clang, r-devel-linux-x86_64-debian-gcc, r-devel-linux-x86_64-fedora-clang, r-devel-linux-x86_64-fedora-gcc, r-devel-windows-x86_64, r-patched-linux-x86_64, r-release-linux-x86_64, r-release-macos-arm64, r-release-macos-x86_64, r-release-windows-x86_64, r-oldrel-macos-arm64, r-oldrel-macos-x86_64, r-oldrel-windows-ix86+x86_64