Last updated on 2022-08-15 08:50:11 CEST.
Flavor | Version | Tinstall | Tcheck | Ttotal | Status | Flags |
---|---|---|---|---|---|---|
r-devel-linux-x86_64-debian-clang | 0.5 | 14.77 | 160.75 | 175.52 | NOTE | |
r-devel-linux-x86_64-debian-gcc | 0.5 | 12.18 | 121.07 | 133.25 | NOTE | |
r-devel-linux-x86_64-fedora-clang | 0.5 | 219.54 | NOTE | |||
r-devel-linux-x86_64-fedora-gcc | 0.5 | 230.50 | NOTE | |||
r-devel-windows-x86_64 | 0.5 | 23.00 | 179.00 | 202.00 | NOTE | |
r-patched-linux-x86_64 | 0.5 | 10.79 | 159.25 | 170.04 | NOTE | |
r-release-linux-x86_64 | 0.5 | 11.36 | 158.07 | 169.43 | NOTE | |
r-release-macos-arm64 | 0.5 | 75.00 | NOTE | |||
r-release-macos-x86_64 | 0.5 | 126.00 | NOTE | |||
r-release-windows-x86_64 | 0.5 | 22.00 | 174.00 | 196.00 | NOTE | |
r-oldrel-macos-arm64 | 0.5 | 103.00 | NOTE | |||
r-oldrel-macos-x86_64 | 0.5 | 125.00 | NOTE | |||
r-oldrel-windows-ix86+x86_64 | 0.5 | 36.00 | 174.00 | 210.00 | NOTE |
Version: 0.5
Check: LazyData
Result: NOTE
'LazyData' is specified without a 'data' directory
Flavors: r-devel-linux-x86_64-debian-clang, r-devel-linux-x86_64-debian-gcc, r-devel-linux-x86_64-fedora-clang, r-devel-linux-x86_64-fedora-gcc, r-devel-windows-x86_64, r-patched-linux-x86_64, r-release-linux-x86_64, r-release-macos-arm64, r-release-macos-x86_64, r-release-windows-x86_64, r-oldrel-macos-arm64, r-oldrel-macos-x86_64, r-oldrel-windows-ix86+x86_64
Version: 0.5
Check: Rd cross-references
Result: NOTE
Undeclared package ‘randomForest’ in Rd xrefs
Flavor: r-devel-linux-x86_64-fedora-clang